{"id":15,"date":"2025-12-01T08:52:17","date_gmt":"2025-12-01T08:52:17","guid":{"rendered":"https:\/\/wp3.novida.fi\/med24vian\/?page_id=15"},"modified":"2026-01-21T10:38:36","modified_gmt":"2026-01-21T10:38:36","slug":"novriix-joukkuet","status":"publish","type":"page","link":"https:\/\/wp3.novida.fi\/med24vian\/novriix-joukkuet\/","title":{"rendered":"Joukkuet"},"content":{"rendered":"\n\n\n\n\n\n\n<div class=\"wp-block-columns is-layout-flex wp-container-core-columns-is-layout-9d6595d7 wp-block-columns-is-layout-flex\">\n<div class=\"wp-block-column has-background has-medium-font-size is-layout-flow wp-block-column-is-layout-flow\" style=\"background-color:#6b6b6b36;flex-basis:66.66%\">\n<div class=\"wp-block-columns is-layout-flex wp-container-core-columns-is-layout-9d6595d7 wp-block-columns-is-layout-flex\">\n<div class=\"wp-block-column is-layout-flow wp-block-column-is-layout-flow\" style=\"flex-basis:33.33%\"><div class=\"wp-block-image\">\n<figure class=\"alignright size-full\"><img loading=\"lazy\" decoding=\"async\" width=\"277\" height=\"319\" src=\"https:\/\/wp3.novida.fi\/med24vian\/wp-content\/uploads\/sites\/41\/2025\/12\/\u043a\u0443\u0431\u043e\u043a1-2.png\" alt class=\"wp-image-100\" srcset=\"https:\/\/wp3.novida.fi\/med24vian\/wp-content\/uploads\/sites\/41\/2025\/12\/\u043a\u0443\u0431\u043e\u043a1-2.png 277w, https:\/\/wp3.novida.fi\/med24vian\/wp-content\/uploads\/sites\/41\/2025\/12\/\u043a\u0443\u0431\u043e\u043a1-2-261x300.png 261w\" sizes=\"auto, (max-width: 277px) 100vw, 277px\"><\/figure>\n<\/div><\/div>\n\n\n\n<div class=\"wp-block-column is-layout-flow wp-block-column-is-layout-flow\" style=\"flex-basis:66.66%\">\n<h2 id=\"wp-block-themeisle-blocks-advanced-heading-a6d7d6eb\" class=\"wp-block-themeisle-blocks-advanced-heading wp-block-themeisle-blocks-advanced-heading-a6d7d6eb\">LiigaCup<\/h2>\n\n\n\n<p>Joukkueel\u00adlamme on yhteen\u00ads\u00e4 <strong>10 liigacu\u00adpin pokaalia<\/strong>. T\u00e4m\u00e4 tekee meist\u00e4 yhden kil\u00adpailun men\u00adestyneim\u00admist\u00e4 seu\u00adroista.<\/p>\n<\/div>\n<\/div>\n\n\n\n<hr class=\"wp-block-separator has-alpha-channel-opacity is-style-wide\">\n\n\n\n<div class=\"wp-block-columns is-layout-flex wp-container-core-columns-is-layout-9d6595d7 wp-block-columns-is-layout-flex\">\n<div class=\"wp-block-column is-layout-flow wp-block-column-is-layout-flow\" style=\"flex-basis:33.33%\"><div class=\"wp-block-image\">\n<figure class=\"alignright size-large\"><img loading=\"lazy\" decoding=\"async\" width=\"794\" height=\"1024\" src=\"https:\/\/wp3.novida.fi\/med24vian\/wp-content\/uploads\/sites\/41\/2025\/12\/\u043a\u0443\u0431\u043e\u043a2-1-794x1024.png\" alt class=\"wp-image-103\" style=\"object-fit:cover\" srcset=\"https:\/\/wp3.novida.fi\/med24vian\/wp-content\/uploads\/sites\/41\/2025\/12\/\u043a\u0443\u0431\u043e\u043a2-1-794x1024.png 794w, https:\/\/wp3.novida.fi\/med24vian\/wp-content\/uploads\/sites\/41\/2025\/12\/\u043a\u0443\u0431\u043e\u043a2-1-233x300.png 233w, https:\/\/wp3.novida.fi\/med24vian\/wp-content\/uploads\/sites\/41\/2025\/12\/\u043a\u0443\u0431\u043e\u043a2-1-768x991.png 768w, https:\/\/wp3.novida.fi\/med24vian\/wp-content\/uploads\/sites\/41\/2025\/12\/\u043a\u0443\u0431\u043e\u043a2-1.png 876w\" sizes=\"auto, (max-width: 794px) 100vw, 794px\"><\/figure>\n<\/div><\/div>\n\n\n\n<div class=\"wp-block-column is-layout-flow wp-block-column-is-layout-flow\" style=\"flex-basis:66.66%\">\n<h2 id=\"wp-block-themeisle-blocks-advanced-heading-5a09bb76\" class=\"wp-block-themeisle-blocks-advanced-heading wp-block-themeisle-blocks-advanced-heading-5a09bb76\">Liigan SuperCup<\/h2>\n\n\n\n<p>Super\u00adcu\u00adpis\u00adsa olemme saavut\u00adta\u00adneet <strong>7 pokaalia<\/strong>, mik\u00e4 korostaa joukkueen jatku\u00advaa kil\u00adpailukyky\u00e4 ja vah\u00advaa suori\u00adtuskyky\u00e4 kau\u00adden avau\u00adsot\u00adteluis\u00adsa.<\/p>\n<\/div>\n<\/div>\n\n\n\n<hr class=\"wp-block-separator has-alpha-channel-opacity is-style-wide\">\n\n\n\n<div class=\"wp-block-columns is-layout-flex wp-container-core-columns-is-layout-9d6595d7 wp-block-columns-is-layout-flex\">\n<div class=\"wp-block-column is-layout-flow wp-block-column-is-layout-flow\" style=\"flex-basis:33.33%\"><div class=\"wp-block-image\">\n<figure class=\"alignright size-large\"><img loading=\"lazy\" decoding=\"async\" width=\"550\" height=\"1024\" src=\"https:\/\/wp3.novida.fi\/med24vian\/wp-content\/uploads\/sites\/41\/2025\/12\/\u043a\u0443\u0431\u043e\u043a3-550x1024.png\" alt class=\"wp-image-104\" srcset=\"https:\/\/wp3.novida.fi\/med24vian\/wp-content\/uploads\/sites\/41\/2025\/12\/\u043a\u0443\u0431\u043e\u043a3-550x1024.png 550w, https:\/\/wp3.novida.fi\/med24vian\/wp-content\/uploads\/sites\/41\/2025\/12\/\u043a\u0443\u0431\u043e\u043a3-161x300.png 161w, https:\/\/wp3.novida.fi\/med24vian\/wp-content\/uploads\/sites\/41\/2025\/12\/\u043a\u0443\u0431\u043e\u043a3.png 604w\" sizes=\"auto, (max-width: 550px) 100vw, 550px\"><\/figure>\n<\/div><\/div>\n\n\n\n<div class=\"wp-block-column is-layout-flow wp-block-column-is-layout-flow\" style=\"flex-basis:66.66%\">\n<h2 id=\"wp-block-themeisle-blocks-advanced-heading-933fb2af\" class=\"wp-block-themeisle-blocks-advanced-heading wp-block-themeisle-blocks-advanced-heading-933fb2af\">Eurooppa-Cup<\/h2>\n\n\n\n<p>Euroop\u00adpalai\u00adsis\u00adsa kil\u00adpailuis\u00adsa olemme voit\u00adta\u00adneet <strong>3 arvostet\u00adtua Euroop\u00adpa-cupin pokaalia<\/strong>, jot\u00adka osoit\u00adta\u00advat joukkueen kyvyn men\u00adesty\u00e4 my\u00f6s kan\u00adsain\u00adv\u00e4lisel\u00adl\u00e4 tasol\u00adla.<\/p>\n<\/div>\n<\/div>\n<\/div>\n\n\n\n<div class=\"wp-block-column has-background is-layout-flow wp-block-column-is-layout-flow\" style=\"background-color:#6b6b6b36;flex-basis:33.33%\">\n<h2 id=\"wp-block-themeisle-blocks-advanced-heading-bc39c42d\" class=\"wp-block-themeisle-blocks-advanced-heading wp-block-themeisle-blocks-advanced-heading-bc39c42d\">Joukkuet<\/h2>\n\n\n\n<hr class=\"wp-block-separator has-alpha-channel-opacity\">\n\n\n\n<p class=\"has-text-align-right has-medium-font-size\">Ensim\u00adm\u00e4i\u00adnen Joukkue<\/p>\n\n\n\n<p class=\"has-text-align-right has-medium-font-size\">Toinen Joukkue<\/p>\n\n\n\n<p class=\"has-text-align-right has-medium-font-size\">P20 Joukkue<\/p>\n\n\n\n<p class=\"has-text-align-right has-medium-font-size\">Junior\u00adit<\/p>\n\n\n\n<hr class=\"wp-block-separator has-alpha-channel-opacity\">\n\n\n\n<h2 id=\"wp-block-themeisle-blocks-advanced-heading-533cd198\" class=\"wp-block-themeisle-blocks-advanced-heading wp-block-themeisle-blocks-advanced-heading-533cd198\">Sponsorit<\/h2>\n\n\n\n<hr class=\"wp-block-separator has-alpha-channel-opacity\">\n\n\n\n<div class=\"wp-block-columns is-layout-flex wp-container-core-columns-is-layout-9d6595d7 wp-block-columns-is-layout-flex\">\n<div class=\"wp-block-column is-layout-flow wp-block-column-is-layout-flow\">\n<figure class=\"wp-block-image size-full is-resized\"><img loading=\"lazy\" decoding=\"async\" width=\"598\" height=\"520\" src=\"https:\/\/wp3.novida.fi\/med24vian\/wp-content\/uploads\/sites\/41\/2025\/12\/novida.png\" alt class=\"wp-image-92\" style=\"aspect-ratio:1.1500074041166888;width:100px;height:auto\" srcset=\"https:\/\/wp3.novida.fi\/med24vian\/wp-content\/uploads\/sites\/41\/2025\/12\/novida.png 598w, https:\/\/wp3.novida.fi\/med24vian\/wp-content\/uploads\/sites\/41\/2025\/12\/novida-300x261.png 300w\" sizes=\"auto, (max-width: 598px) 100vw, 598px\"><\/figure>\n<\/div>\n\n\n\n<div class=\"wp-block-column is-layout-flow wp-block-column-is-layout-flow\">\n<figure class=\"wp-block-image size-full is-resized\"><img loading=\"lazy\" decoding=\"async\" width=\"411\" height=\"703\" src=\"https:\/\/wp3.novida.fi\/med24vian\/wp-content\/uploads\/sites\/41\/2025\/12\/omalogo.png\" alt class=\"wp-image-93\" style=\"aspect-ratio:0.5846570804788075;width:64px;height:auto\" srcset=\"https:\/\/wp3.novida.fi\/med24vian\/wp-content\/uploads\/sites\/41\/2025\/12\/omalogo.png 411w, https:\/\/wp3.novida.fi\/med24vian\/wp-content\/uploads\/sites\/41\/2025\/12\/omalogo-175x300.png 175w\" sizes=\"auto, (max-width: 411px) 100vw, 411px\"><\/figure>\n<\/div>\n<\/div>\n\n\n\n<div class=\"wp-block-columns is-layout-flex wp-container-core-columns-is-layout-9d6595d7 wp-block-columns-is-layout-flex\">\n<div class=\"wp-block-column is-layout-flow wp-block-column-is-layout-flow\">\n<hr class=\"wp-block-separator has-alpha-channel-opacity\">\n<\/div>\n<\/div>\n\n\n\n<h2 id=\"wp-block-themeisle-blocks-advanced-heading-8f72c94c\" class=\"wp-block-themeisle-blocks-advanced-heading wp-block-themeisle-blocks-advanced-heading-8f72c94c\">Joukkuen jalkkapallopuku<\/h2>\n\n\n\n<hr class=\"wp-block-separator has-alpha-channel-opacity\">\n\n\n<div class=\"wp-block-image\">\n<figure class=\"aligncenter size-full is-resized\"><img loading=\"lazy\" decoding=\"async\" width=\"666\" height=\"1000\" src=\"https:\/\/wp3.novida.fi\/med24vian\/wp-content\/uploads\/sites\/41\/2025\/12\/Men-T-Shirt-Mockup-Front-View-1-3.png\" alt class=\"wp-image-105\" style=\"aspect-ratio:0.6660130718954248;width:220px;height:auto\" srcset=\"https:\/\/wp3.novida.fi\/med24vian\/wp-content\/uploads\/sites\/41\/2025\/12\/Men-T-Shirt-Mockup-Front-View-1-3.png 666w, https:\/\/wp3.novida.fi\/med24vian\/wp-content\/uploads\/sites\/41\/2025\/12\/Men-T-Shirt-Mockup-Front-View-1-3-200x300.png 200w\" sizes=\"auto, (max-width: 666px) 100vw, 666px\"><\/figure>\n<\/div>\n\n\n<p class=\"has-text-align-center\"><a href=\"https:\/\/wp3.novida.fi\/med24vian\/kauppa\/\">Liis\u00e4 tieto\u00adja kau\u00adpan sivul\u00adla-<\/a><\/p>\n<\/div>\n<\/div>\n\n\n<div style=\"margin-bottom:6px;\" class=\"aligncenter is-style-default animated backInUp wp-block-site-logo\"><a href=\"https:\/\/wp3.novida.fi\/med24vian\/\" class=\"custom-logo-link  no-t-logo\" rel=\"home\" itemprop=\"url\"><img loading=\"lazy\" decoding=\"async\" width=\"135\" height=\"135\" src=\"https:\/\/wp3.novida.fi\/med24vian\/wp-content\/uploads\/sites\/41\/2025\/12\/cropped-NovriiX_logo-1.png\" class=\"custom-logo\" alt=\"NovriiX\" itemprop=\"logo\" srcset=\"https:\/\/wp3.novida.fi\/med24vian\/wp-content\/uploads\/sites\/41\/2025\/12\/NovriiX_logo.png 2x\"><\/a><\/div>","protected":false},"excerpt":{"rendered":"<p>Joukkueel\u00adlamme on yhteen\u00ads\u00e4 10 liigacu\u00adpin pokaalia. T\u00e4m\u00e4 tekee meist\u00e4 yhden kil\u00adpailun men\u00adestyneim\u00admist\u00e4 seu\u00adroista. Super\u00adcu\u00adpis\u00adsa olemme saavut\u00adta\u00adneet 7 pokaalia, mik\u00e4 korostaa joukkueen jatku\u00advaa kil\u00adpailukyky\u00e4 ja vah\u00advaa suori\u00adtuskyky\u00e4 kau\u00adden avau\u00adsot\u00adteluis\u00adsa. Euroop\u00adpalai\u00adsis\u00adsa kil\u00adpailuis\u00adsa \u2026<\/p>\n","protected":false},"author":45,"featured_media":0,"parent":0,"menu_order":0,"comment_status":"closed","ping_status":"closed","template":"template-fullwidth.php","meta":{"wp_typography_post_enhancements_disabled":false,"_themeisle_gutenberg_block_has_review":false,"footnotes":""},"class_list":["post-15","page","type-page","status-publish","hentry"],"yoast_head":"<!-- This site is optimized with the Yoast SEO plugin v26.5 - https:\/\/yoast.com\/wordpress\/plugins\/seo\/ -->\n<title>NovriiX Joukkuet\u2019s Success in European Competitions - NovriiX<\/title>\n<meta name=\"description\" content=\"Join us as we celebrate NovriiX Joukkuet&#039;s achievements, featuring 10 league cup trophies and strong performances in Europe.\" \/>\n<meta name=\"robots\" content=\"index, follow, max-snippet:-1, max-image-preview:large, max-video-preview:-1\" \/>\n<link rel=\"canonical\" href=\"https:\/\/wp3.novida.fi\/med24vian\/novriix-joukkuet\/\" \/>\n<meta property=\"og:locale\" content=\"en_GB\" \/>\n<meta property=\"og:type\" content=\"article\" \/>\n<meta property=\"og:title\" content=\"NovriiX Joukkuet\u2019s Success in European Competitions - NovriiX\" \/>\n<meta property=\"og:description\" content=\"Join us as we celebrate NovriiX Joukkuet&#039;s achievements, featuring 10 league cup trophies and strong performances in Europe.\" \/>\n<meta property=\"og:url\" content=\"https:\/\/wp3.novida.fi\/med24vian\/novriix-joukkuet\/\" \/>\n<meta property=\"og:site_name\" content=\"NovriiX\" \/>\n<meta property=\"article:modified_time\" content=\"2026-01-21T10:38:36+00:00\" \/>\n<meta property=\"og:image\" content=\"https:\/\/wp3.novida.fi\/med24vian\/wp-content\/uploads\/sites\/41\/2025\/12\/novida.png\" \/>\n<meta name=\"twitter:card\" content=\"summary_large_image\" \/>\n<meta name=\"twitter:label1\" content=\"Estimated reading time\" \/>\n\t<meta name=\"twitter:data1\" content=\"2 minutes\" \/>\n<script type=\"application\/ld+json\" class=\"yoast-schema-graph\">{\"@context\":\"https:\/\/schema.org\",\"@graph\":[{\"@type\":\"WebPage\",\"@id\":\"https:\/\/wp3.novida.fi\/med24vian\/novriix-joukkuet\/\",\"url\":\"https:\/\/wp3.novida.fi\/med24vian\/novriix-joukkuet\/\",\"name\":\"NovriiX Joukkuet\u2019s Success in European Competitions - NovriiX\",\"isPartOf\":{\"@id\":\"https:\/\/wp3.novida.fi\/med24vian\/#website\"},\"primaryImageOfPage\":{\"@id\":\"https:\/\/wp3.novida.fi\/med24vian\/novriix-joukkuet\/#primaryimage\"},\"image\":{\"@id\":\"https:\/\/wp3.novida.fi\/med24vian\/novriix-joukkuet\/#primaryimage\"},\"thumbnailUrl\":\"https:\/\/wp3.novida.fi\/med24vian\/wp-content\/uploads\/sites\/41\/2025\/12\/novida.png\",\"datePublished\":\"2025-12-01T08:52:17+00:00\",\"dateModified\":\"2026-01-21T10:38:36+00:00\",\"description\":\"Join us as we celebrate NovriiX Joukkuet's achievements, featuring 10 league cup trophies and strong performances in Europe.\",\"breadcrumb\":{\"@id\":\"https:\/\/wp3.novida.fi\/med24vian\/novriix-joukkuet\/#breadcrumb\"},\"inLanguage\":\"en-GB\",\"potentialAction\":[{\"@type\":\"ReadAction\",\"target\":[\"https:\/\/wp3.novida.fi\/med24vian\/novriix-joukkuet\/\"]}]},{\"@type\":\"ImageObject\",\"inLanguage\":\"en-GB\",\"@id\":\"https:\/\/wp3.novida.fi\/med24vian\/novriix-joukkuet\/#primaryimage\",\"url\":\"https:\/\/wp3.novida.fi\/med24vian\/wp-content\/uploads\/sites\/41\/2025\/12\/novida.png\",\"contentUrl\":\"https:\/\/wp3.novida.fi\/med24vian\/wp-content\/uploads\/sites\/41\/2025\/12\/novida.png\",\"width\":598,\"height\":520},{\"@type\":\"BreadcrumbList\",\"@id\":\"https:\/\/wp3.novida.fi\/med24vian\/novriix-joukkuet\/#breadcrumb\",\"itemListElement\":[{\"@type\":\"ListItem\",\"position\":1,\"name\":\"Home\",\"item\":\"https:\/\/wp3.novida.fi\/med24vian\/\"},{\"@type\":\"ListItem\",\"position\":2,\"name\":\"Joukkuet\"}]},{\"@type\":\"WebSite\",\"@id\":\"https:\/\/wp3.novida.fi\/med24vian\/#website\",\"url\":\"https:\/\/wp3.novida.fi\/med24vian\/\",\"name\":\"NovriiX\",\"description\":\"\",\"publisher\":{\"@id\":\"https:\/\/wp3.novida.fi\/med24vian\/#organization\"},\"potentialAction\":[{\"@type\":\"SearchAction\",\"target\":{\"@type\":\"EntryPoint\",\"urlTemplate\":\"https:\/\/wp3.novida.fi\/med24vian\/?s={search_term_string}\"},\"query-input\":{\"@type\":\"PropertyValueSpecification\",\"valueRequired\":true,\"valueName\":\"search_term_string\"}}],\"inLanguage\":\"en-GB\"},{\"@type\":\"Organization\",\"@id\":\"https:\/\/wp3.novida.fi\/med24vian\/#organization\",\"name\":\"NovriiX\",\"url\":\"https:\/\/wp3.novida.fi\/med24vian\/\",\"logo\":{\"@type\":\"ImageObject\",\"inLanguage\":\"en-GB\",\"@id\":\"https:\/\/wp3.novida.fi\/med24vian\/#\/schema\/logo\/image\/\",\"url\":\"https:\/\/wp3.novida.fi\/med24vian\/wp-content\/uploads\/sites\/41\/2025\/12\/cropped-NovriiX_logo-1.png\",\"contentUrl\":\"https:\/\/wp3.novida.fi\/med24vian\/wp-content\/uploads\/sites\/41\/2025\/12\/cropped-NovriiX_logo-1.png\",\"width\":1110,\"height\":1110,\"caption\":\"NovriiX\"},\"image\":{\"@id\":\"https:\/\/wp3.novida.fi\/med24vian\/#\/schema\/logo\/image\/\"}}]}<\/script>\n<!-- \/ Yoast SEO plugin. -->","yoast_head_json":{"title":"NovriiX Joukkuet\u2019s Success in European Competitions - NovriiX","description":"Join us as we celebrate NovriiX Joukkuet's achievements, featuring 10 league cup trophies and strong performances in Europe.","robots":{"index":"index","follow":"follow","max-snippet":"max-snippet:-1","max-image-preview":"max-image-preview:large","max-video-preview":"max-video-preview:-1"},"canonical":"https:\/\/wp3.novida.fi\/med24vian\/novriix-joukkuet\/","og_locale":"en_GB","og_type":"article","og_title":"NovriiX Joukkuet\u2019s Success in European Competitions - NovriiX","og_description":"Join us as we celebrate NovriiX Joukkuet's achievements, featuring 10 league cup trophies and strong performances in Europe.","og_url":"https:\/\/wp3.novida.fi\/med24vian\/novriix-joukkuet\/","og_site_name":"NovriiX","article_modified_time":"2026-01-21T10:38:36+00:00","og_image":[{"url":"https:\/\/wp3.novida.fi\/med24vian\/wp-content\/uploads\/sites\/41\/2025\/12\/novida.png","type":"","width":"","height":""}],"twitter_card":"summary_large_image","twitter_misc":{"Estimated reading time":"2 minutes"},"schema":{"@context":"https:\/\/schema.org","@graph":[{"@type":"WebPage","@id":"https:\/\/wp3.novida.fi\/med24vian\/novriix-joukkuet\/","url":"https:\/\/wp3.novida.fi\/med24vian\/novriix-joukkuet\/","name":"NovriiX Joukkuet\u2019s Success in European Competitions - NovriiX","isPartOf":{"@id":"https:\/\/wp3.novida.fi\/med24vian\/#website"},"primaryImageOfPage":{"@id":"https:\/\/wp3.novida.fi\/med24vian\/novriix-joukkuet\/#primaryimage"},"image":{"@id":"https:\/\/wp3.novida.fi\/med24vian\/novriix-joukkuet\/#primaryimage"},"thumbnailUrl":"https:\/\/wp3.novida.fi\/med24vian\/wp-content\/uploads\/sites\/41\/2025\/12\/novida.png","datePublished":"2025-12-01T08:52:17+00:00","dateModified":"2026-01-21T10:38:36+00:00","description":"Join us as we celebrate NovriiX Joukkuet's achievements, featuring 10 league cup trophies and strong performances in Europe.","breadcrumb":{"@id":"https:\/\/wp3.novida.fi\/med24vian\/novriix-joukkuet\/#breadcrumb"},"inLanguage":"en-GB","potentialAction":[{"@type":"ReadAction","target":["https:\/\/wp3.novida.fi\/med24vian\/novriix-joukkuet\/"]}]},{"@type":"ImageObject","inLanguage":"en-GB","@id":"https:\/\/wp3.novida.fi\/med24vian\/novriix-joukkuet\/#primaryimage","url":"https:\/\/wp3.novida.fi\/med24vian\/wp-content\/uploads\/sites\/41\/2025\/12\/novida.png","contentUrl":"https:\/\/wp3.novida.fi\/med24vian\/wp-content\/uploads\/sites\/41\/2025\/12\/novida.png","width":598,"height":520},{"@type":"BreadcrumbList","@id":"https:\/\/wp3.novida.fi\/med24vian\/novriix-joukkuet\/#breadcrumb","itemListElement":[{"@type":"ListItem","position":1,"name":"Home","item":"https:\/\/wp3.novida.fi\/med24vian\/"},{"@type":"ListItem","position":2,"name":"Joukkuet"}]},{"@type":"WebSite","@id":"https:\/\/wp3.novida.fi\/med24vian\/#website","url":"https:\/\/wp3.novida.fi\/med24vian\/","name":"NovriiX","description":"","publisher":{"@id":"https:\/\/wp3.novida.fi\/med24vian\/#organization"},"potentialAction":[{"@type":"SearchAction","target":{"@type":"EntryPoint","urlTemplate":"https:\/\/wp3.novida.fi\/med24vian\/?s={search_term_string}"},"query-input":{"@type":"PropertyValueSpecification","valueRequired":true,"valueName":"search_term_string"}}],"inLanguage":"en-GB"},{"@type":"Organization","@id":"https:\/\/wp3.novida.fi\/med24vian\/#organization","name":"NovriiX","url":"https:\/\/wp3.novida.fi\/med24vian\/","logo":{"@type":"ImageObject","inLanguage":"en-GB","@id":"https:\/\/wp3.novida.fi\/med24vian\/#\/schema\/logo\/image\/","url":"https:\/\/wp3.novida.fi\/med24vian\/wp-content\/uploads\/sites\/41\/2025\/12\/cropped-NovriiX_logo-1.png","contentUrl":"https:\/\/wp3.novida.fi\/med24vian\/wp-content\/uploads\/sites\/41\/2025\/12\/cropped-NovriiX_logo-1.png","width":1110,"height":1110,"caption":"NovriiX"},"image":{"@id":"https:\/\/wp3.novida.fi\/med24vian\/#\/schema\/logo\/image\/"}}]}},"_links":{"self":[{"href":"https:\/\/wp3.novida.fi\/med24vian\/wp-json\/wp\/v2\/pages\/15","targetHints":{"allow":["GET"]}}],"collection":[{"href":"https:\/\/wp3.novida.fi\/med24vian\/wp-json\/wp\/v2\/pages"}],"about":[{"href":"https:\/\/wp3.novida.fi\/med24vian\/wp-json\/wp\/v2\/types\/page"}],"author":[{"embeddable":true,"href":"https:\/\/wp3.novida.fi\/med24vian\/wp-json\/wp\/v2\/users\/45"}],"replies":[{"embeddable":true,"href":"https:\/\/wp3.novida.fi\/med24vian\/wp-json\/wp\/v2\/comments?post=15"}],"version-history":[{"count":17,"href":"https:\/\/wp3.novida.fi\/med24vian\/wp-json\/wp\/v2\/pages\/15\/revisions"}],"predecessor-version":[{"id":275,"href":"https:\/\/wp3.novida.fi\/med24vian\/wp-json\/wp\/v2\/pages\/15\/revisions\/275"}],"wp:attachment":[{"href":"https:\/\/wp3.novida.fi\/med24vian\/wp-json\/wp\/v2\/media?parent=15"}],"curies":[{"name":"wp","href":"https:\/\/api.w.org\/{rel}","templated":true}]}}