{"id":260,"date":"2025-12-11T10:36:47","date_gmt":"2025-12-11T10:36:47","guid":{"rendered":"https:\/\/wp3.novida.fi\/med24pusa\/?page_id=260"},"modified":"2026-01-20T07:15:40","modified_gmt":"2026-01-20T07:15:40","slug":"juomat","status":"publish","type":"page","link":"https:\/\/wp3.novida.fi\/med24pusa\/juomat\/","title":{"rendered":"Juomat"},"content":{"rendered":"\n\n\n\n\n\n\n\n\n\n\n\n\n\n\n\n\n\n\n\n\n\n\n\n\n\n\n\n\n\n\n\n\n\n\n\n\n\n\n\n\n\n\n\n\n\n\n\n\n\n\n\n\n\n\n\n\n\n\n<div id=\"wp-block-themeisle-blocks-flip-31389585\" class=\"wp-block-themeisle-blocks-flip anim flipY-rev\"><div class=\"o-flip-inner\"><div class=\"o-flip-front\"><div class=\"o-flip-content\"><h3><strong>Vedet<\/strong><\/h3><p>Vedet 3.28\u20ac <\/p><\/div><\/div><div class=\"o-flip-back\">\n<div id=\"wp-block-themeisle-blocks-advanced-columns-416984fd\" class=\"wp-block-themeisle-blocks-advanced-columns has-3-columns has-desktop-equal-layout has-tablet-equal-layout has-mobile-collapsedRows-layout has-vertical-unset\"><div class=\"wp-block-themeisle-blocks-advanced-columns-overlay\"><\/div><div class=\"innerblocks-wrap\">\n<div id=\"wp-block-themeisle-blocks-advanced-column-5ef443a2\" class=\"wp-block-themeisle-blocks-advanced-column\">\n<p class=\"has-text-color has-link-color wp-elements-9f663c904ed7c1c7a76cc3a9f047c8d3\" style=\"color:#f27127;font-size:33px\">\u2193<\/p>\n<\/div>\n\n\n\n<div id=\"wp-block-themeisle-blocks-advanced-column-2a5ff11e\" class=\"wp-block-themeisle-blocks-advanced-column\">\n<h2 class=\"wp-block-heading ticss-e10bc11d\"><strong>Vesi<\/strong><\/h2>\n\n\n\n<p>Mah\u00addol\u00adlista saa\u00adda hana ja pul\u00adlo veten\u00e4. <\/p>\n\n\n\n<p>\u2500\u2500\u2500\u2500\u0b68\u09ce\u2500\u2500\u2500\u2500<\/p>\n\n\n\n<h2 class=\"wp-block-heading\"><strong>Kuplavesi<\/strong><\/h2>\n\n\n\n<p>Mah\u00addol\u00adlisia maku\u00adja: sitru\u00adu\u00adna, lime ja vadel\u00adma. On vai\u00adh\u00adtoe\u00adhtona my\u00f6s mau\u00adton.<\/p>\n\n\n\n<p>\u2500\u2500\u2500\u2500\u0b68\u09ce\u2500\u2500\u2500\u2500<\/p>\n\n\n\n<h2 class=\"wp-block-heading\"><strong>Kivenn\u00e4isvedet<\/strong><\/h2>\n\n\n\n<p>Mah\u00addol\u00adlisia maku\u00adja: sitru\u00adu\u00adna, lime, vadel\u00adma, man\u00adsik\u00adka ja per\u00adsik\u00adka. On vai\u00adh\u00adtoe\u00adhtona my\u00f6s mau\u00adton.<\/p>\n<\/div>\n\n\n\n<div id=\"wp-block-themeisle-blocks-advanced-column-6ec421b0\" class=\"wp-block-themeisle-blocks-advanced-column\">\n<p class=\"has-text-color has-link-color wp-elements-9f663c904ed7c1c7a76cc3a9f047c8d3\" style=\"color:#f27127;font-size:33px\">\u2193<\/p>\n<\/div>\n<\/div><\/div>\n<\/div><\/div><\/div>\n\n\n\n<div id=\"wp-block-themeisle-blocks-flip-3282bab1\" class=\"wp-block-themeisle-blocks-flip anim flipY\"><div class=\"o-flip-inner\"><div class=\"o-flip-front\"><div class=\"o-flip-content\"><h3><strong>Limut<\/strong><\/h3><p><\/p><\/div><\/div><div class=\"o-flip-back\">\n<div id=\"wp-block-themeisle-blocks-advanced-columns-80c6132e\" class=\"wp-block-themeisle-blocks-advanced-columns has-3-columns has-desktop-equal-layout has-tablet-equal-layout has-mobile-collapsedRows-layout has-vertical-unset\"><div class=\"wp-block-themeisle-blocks-advanced-columns-overlay\"><\/div><div class=\"innerblocks-wrap\">\n<div id=\"wp-block-themeisle-blocks-advanced-column-d81696a8\" class=\"wp-block-themeisle-blocks-advanced-column\">\n<p class=\"has-text-color has-link-color wp-elements-9f663c904ed7c1c7a76cc3a9f047c8d3\" style=\"color:#f27127;font-size:33px\">\u2193<\/p>\n<\/div>\n\n\n\n<div id=\"wp-block-themeisle-blocks-advanced-column-b64c5009\" class=\"wp-block-themeisle-blocks-advanced-column\">\n<h2 class=\"wp-block-heading ticss-e10bc11d\">Coca Cola<\/h2>\n\n\n\n<p>\u2500\u2500\u2500\u2500\u0b68\u09ce\u2500\u2500\u2500\u2500<\/p>\n\n\n\n<h2 class=\"wp-block-heading\">Coca Cola Zero<\/h2>\n\n\n\n<p class=\"has-text-color has-link-color wp-elements-c522451d29427bdad8c89229033848d1\" style=\"color:#f27127\">\u2500\u2500\u2500\u2500\u0b68\u09ce\u2500\u2500\u2500\u2500<\/p>\n\n\n\n<h2 class=\"wp-block-heading\">Pepsi<\/h2>\n\n\n\n<p>\u2500\u2500\u2500\u2500\u0b68\u09ce\u2500\u2500\u2500\u2500<\/p>\n\n\n\n<h2 class=\"wp-block-heading\">Pepsi Max<\/h2>\n\n\n\n<p class=\"has-text-color has-link-color wp-elements-c522451d29427bdad8c89229033848d1\" style=\"color:#f27127\">\u2500\u2500\u2500\u2500\u0b68\u09ce\u2500\u2500\u2500\u2500<\/p>\n\n\n\n<h2 class=\"wp-block-heading\">Fanta \/ Jaffa<\/h2>\n\n\n\n<p>\u2500\u2500\u2500\u2500\u0b68\u09ce\u2500\u2500\u2500\u2500<\/p>\n\n\n\n<h2 class=\"wp-block-heading\">Sprite<\/h2>\n\n\n\n<p class=\"has-text-color has-link-color wp-elements-c522451d29427bdad8c89229033848d1\" style=\"color:#f27127\">\u2500\u2500\u2500\u2500\u0b68\u09ce\u2500\u2500\u2500\u2500<\/p>\n\n\n\n<h2 class=\"wp-block-heading\">Muumi Mets\u00e4mansikka<\/h2>\n<\/div>\n\n\n\n<div id=\"wp-block-themeisle-blocks-advanced-column-1826615b\" class=\"wp-block-themeisle-blocks-advanced-column\">\n<p class=\"has-text-color has-link-color wp-elements-9f663c904ed7c1c7a76cc3a9f047c8d3\" style=\"color:#f27127;font-size:33px\">\u2193<\/p>\n<\/div>\n<\/div><\/div>\n<\/div><\/div><\/div>\n\n\n\n<div id=\"wp-block-themeisle-blocks-flip-110d90f9\" class=\"wp-block-themeisle-blocks-flip anim flipY\"><div class=\"o-flip-inner\"><div class=\"o-flip-front\"><div class=\"o-flip-content\"><h3><strong>Mehut<\/strong><\/h3><p><\/p><\/div><\/div><div class=\"o-flip-back\">\n<div id=\"wp-block-themeisle-blocks-advanced-columns-f0ed2d02\" class=\"wp-block-themeisle-blocks-advanced-columns has-3-columns has-desktop-equal-layout has-tablet-equal-layout has-mobile-collapsedRows-layout has-vertical-unset\"><div class=\"wp-block-themeisle-blocks-advanced-columns-overlay\"><\/div><div class=\"innerblocks-wrap\">\n<div id=\"wp-block-themeisle-blocks-advanced-column-7f2209f9\" class=\"wp-block-themeisle-blocks-advanced-column\">\n<p class=\"has-text-color has-link-color wp-elements-9f663c904ed7c1c7a76cc3a9f047c8d3\" style=\"color:#f27127;font-size:33px\">\u2193<\/p>\n<\/div>\n\n\n\n<div id=\"wp-block-themeisle-blocks-advanced-column-568ed831\" class=\"wp-block-themeisle-blocks-advanced-column\">\n<h2 class=\"wp-block-heading ticss-e10bc11d\">P\u00e4\u00e4ryn\u00e4<\/h2>\n\n\n\n<p class=\"has-text-color has-link-color wp-elements-c522451d29427bdad8c89229033848d1\" style=\"color:#f27127\">\u2500\u2500\u2500\u2500\u0b68\u09ce\u2500\u2500\u2500\u2500<\/p>\n\n\n\n<h2 class=\"wp-block-heading\">Omena<\/h2>\n\n\n\n<p>\u2500\u2500\u2500\u2500\u0b68\u09ce\u2500\u2500\u2500\u2500<\/p>\n\n\n\n<h2 class=\"wp-block-heading\">Appelsiini<\/h2>\n\n\n\n<p class=\"has-text-color has-link-color wp-elements-c522451d29427bdad8c89229033848d1\" style=\"color:#f27127\">\u2500\u2500\u2500\u2500\u0b68\u09ce\u2500\u2500\u2500\u2500<\/p>\n\n\n\n<h2 class=\"wp-block-heading\">Mehutiivisteest\u00e4 tehty<\/h2>\n<\/div>\n\n\n\n<div id=\"wp-block-themeisle-blocks-advanced-column-82ddfe7f\" class=\"wp-block-themeisle-blocks-advanced-column\">\n<p class=\"has-text-color has-link-color wp-elements-9f663c904ed7c1c7a76cc3a9f047c8d3\" style=\"color:#f27127;font-size:33px\">\u2193<\/p>\n<\/div>\n<\/div><\/div>\n<\/div><\/div><\/div>\n\n\n\n<div id=\"wp-block-themeisle-blocks-flip-eb37d71c\" class=\"wp-block-themeisle-blocks-flip anim flipY\"><div class=\"o-flip-inner\"><div class=\"o-flip-front\"><div class=\"o-flip-content\"><h3><strong>Kaakao<\/strong><\/h3><p><\/p><\/div><\/div><div class=\"o-flip-back\">\n<div id=\"wp-block-themeisle-blocks-advanced-columns-13bde9dd\" class=\"wp-block-themeisle-blocks-advanced-columns has-3-columns has-desktop-equal-layout has-tablet-equal-layout has-mobile-collapsedRows-layout has-vertical-unset\"><div class=\"wp-block-themeisle-blocks-advanced-columns-overlay\"><\/div><div class=\"innerblocks-wrap\">\n<div id=\"wp-block-themeisle-blocks-advanced-column-b871028b\" class=\"wp-block-themeisle-blocks-advanced-column\">\n<p class=\"has-text-color has-link-color wp-elements-9f663c904ed7c1c7a76cc3a9f047c8d3\" style=\"color:#f27127;font-size:33px\">\u2193<\/p>\n<\/div>\n\n\n\n<div id=\"wp-block-themeisle-blocks-advanced-column-757d84db\" class=\"wp-block-themeisle-blocks-advanced-column\">\n<h2 class=\"wp-block-heading ticss-e10bc11d\">Kaakao kuumana<\/h2>\n\n\n\n<p>\u2500\u2500\u2500\u2500\u0b68\u09ce\u2500\u2500\u2500\u2500<\/p>\n\n\n\n<h2 class=\"wp-block-heading\">Kaakao kylm\u00e4n\u00e4<\/h2>\n\n\n\n<p class=\"has-text-color has-link-color wp-elements-c522451d29427bdad8c89229033848d1\" style=\"color:#f27127\">\u2500\u2500\u2500\u2500\u0b68\u09ce\u2500\u2500\u2500\u2500<\/p>\n\n\n\n<h2 class=\"wp-block-heading\">Vesikaakao<\/h2>\n<\/div>\n\n\n\n<div id=\"wp-block-themeisle-blocks-advanced-column-5d663cf5\" class=\"wp-block-themeisle-blocks-advanced-column\">\n<p class=\"has-text-color has-link-color wp-elements-9f663c904ed7c1c7a76cc3a9f047c8d3\" style=\"color:#f27127;font-size:33px\">\u2193<\/p>\n<\/div>\n<\/div><\/div>\n<\/div><\/div><\/div>\n\n\n\n<div id=\"wp-block-themeisle-blocks-flip-6a52ce07\" class=\"wp-block-themeisle-blocks-flip anim flipY\"><div class=\"o-flip-inner\"><div class=\"o-flip-front\"><div class=\"o-flip-content\"><h3><strong>Tee<\/strong><\/h3><p><\/p><\/div><\/div><div class=\"o-flip-back\">\n<div id=\"wp-block-themeisle-blocks-advanced-columns-a07894ae\" class=\"wp-block-themeisle-blocks-advanced-columns has-3-columns has-desktop-equal-layout has-tablet-equal-layout has-mobile-collapsedRows-layout has-vertical-unset\"><div class=\"wp-block-themeisle-blocks-advanced-columns-overlay\"><\/div><div class=\"innerblocks-wrap\">\n<div id=\"wp-block-themeisle-blocks-advanced-column-bdeedbd9\" class=\"wp-block-themeisle-blocks-advanced-column\">\n<p class=\"has-text-color has-link-color wp-elements-9f663c904ed7c1c7a76cc3a9f047c8d3\" style=\"color:#f27127;font-size:33px\">\u2193<\/p>\n<\/div>\n\n\n\n<div id=\"wp-block-themeisle-blocks-advanced-column-4f6a52a9\" class=\"wp-block-themeisle-blocks-advanced-column\">\n<h2 class=\"wp-block-heading ticss-e10bc11d\">Vihre\u00e4 tee<\/h2>\n\n\n\n<p>\u2500\u2500\u2500\u2500\u0b68\u09ce\u2500\u2500\u2500\u2500<\/p>\n\n\n\n<h2 class=\"wp-block-heading\">Musta tee<\/h2>\n\n\n\n<p class=\"has-text-color has-link-color wp-elements-c522451d29427bdad8c89229033848d1\" style=\"color:#f27127\">\u2500\u2500\u2500\u2500\u0b68\u09ce\u2500\u2500\u2500\u2500<\/p>\n\n\n\n<h2 class=\"wp-block-heading\">Earl Grey<\/h2>\n\n\n\n<p>\u2500\u2500\u2500\u2500\u0b68\u09ce\u2500\u2500\u2500\u2500<\/p>\n\n\n\n<h2 class=\"wp-block-heading ticss-e10bc11d\">Rooibos<\/h2>\n\n\n\n<p class=\"has-text-color has-link-color wp-elements-9119203df56d639b785068214403c7e3\" style=\"color:#f27127\">\u2500\u2500\u2500\u2500\u0b68\u09ce\u2500\u2500\u2500\u2500<\/p>\n\n\n\n<h2 class=\"wp-block-heading\">Minttu<\/h2>\n<\/div>\n\n\n\n<div id=\"wp-block-themeisle-blocks-advanced-column-b652e919\" class=\"wp-block-themeisle-blocks-advanced-column\">\n<p class=\"has-text-color has-link-color wp-elements-9f663c904ed7c1c7a76cc3a9f047c8d3\" style=\"color:#f27127;font-size:33px\">\u2193<\/p>\n<\/div>\n<\/div><\/div>\n<\/div><\/div><\/div>\n\n\n\n<div id=\"wp-block-themeisle-blocks-flip-56543d15\" class=\"wp-block-themeisle-blocks-flip anim flipY\"><div class=\"o-flip-inner\"><div class=\"o-flip-front\"><div class=\"o-flip-content\"><h3><strong>Kahvit<\/strong><\/h3><p><\/p><\/div><\/div><div class=\"o-flip-back\">\n<div id=\"wp-block-themeisle-blocks-advanced-columns-7f3df300\" class=\"wp-block-themeisle-blocks-advanced-columns has-3-columns has-desktop-equal-layout has-tablet-equal-layout has-mobile-collapsedRows-layout has-vertical-unset\"><div class=\"wp-block-themeisle-blocks-advanced-columns-overlay\"><\/div><div class=\"innerblocks-wrap\">\n<div id=\"wp-block-themeisle-blocks-advanced-column-a4529324\" class=\"wp-block-themeisle-blocks-advanced-column\">\n<p class=\"has-text-color has-link-color wp-elements-9f663c904ed7c1c7a76cc3a9f047c8d3\" style=\"color:#f27127;font-size:33px\">\u2193<\/p>\n<\/div>\n\n\n\n<div id=\"wp-block-themeisle-blocks-advanced-column-cf9ac10b\" class=\"wp-block-themeisle-blocks-advanced-column\">\n<h2 class=\"wp-block-heading ticss-e10bc11d\">Musta kahvi<\/h2>\n\n\n\n<p>\u2500\u2500\u2500\u2500\u0b68\u09ce\u2500\u2500\u2500\u2500<\/p>\n\n\n\n<h2 class=\"wp-block-heading\">Latte<\/h2>\n\n\n\n<p class=\"has-text-color has-link-color wp-elements-c522451d29427bdad8c89229033848d1\" style=\"color:#f27127\">\u2500\u2500\u2500\u2500\u0b68\u09ce\u2500\u2500\u2500\u2500<\/p>\n\n\n\n<h2 class=\"wp-block-heading\">Espresso<\/h2>\n\n\n\n<p>\u2500\u2500\u2500\u2500\u0b68\u09ce\u2500\u2500\u2500\u2500<\/p>\n\n\n\n<h2 class=\"wp-block-heading ticss-e10bc11d\">Cappuccino<\/h2>\n\n\n\n<p class=\"has-text-color has-link-color wp-elements-9119203df56d639b785068214403c7e3\" style=\"color:#f27127\">\u2500\u2500\u2500\u2500\u0b68\u09ce\u2500\u2500\u2500\u2500<\/p>\n\n\n\n<h2 class=\"wp-block-heading\">Erillaisia j\u00e4\u00e4kahveja<\/h2>\n<\/div>\n\n\n\n<div id=\"wp-block-themeisle-blocks-advanced-column-960bf0d8\" class=\"wp-block-themeisle-blocks-advanced-column\">\n<p class=\"has-text-color has-link-color wp-elements-9f663c904ed7c1c7a76cc3a9f047c8d3\" style=\"color:#f27127;font-size:33px\">\u2193<\/p>\n<\/div>\n<\/div><\/div>\n<\/div><\/div><\/div>\n\n\n\n<p><\/p>\n","protected":false},"excerpt":{"rendered":"","protected":false},"author":43,"featured_media":0,"parent":0,"menu_order":0,"comment_status":"closed","ping_status":"closed","template":"","meta":{"wp_typography_post_enhancements_disabled":false,"_themeisle_gutenberg_block_has_review":false,"footnotes":""},"class_list":["post-260","page","type-page","status-publish","hentry"],"yoast_head":"<!-- This site is optimized with the Yoast SEO plugin v26.5 - https:\/\/yoast.com\/wordpress\/plugins\/seo\/ -->\n<title>Juomat - LoiMauMau<\/title>\n<meta name=\"robots\" content=\"index, follow, max-snippet:-1, max-image-preview:large, max-video-preview:-1\" \/>\n<link rel=\"canonical\" href=\"https:\/\/wp3.novida.fi\/med24pusa\/juomat\/\" \/>\n<meta property=\"og:locale\" content=\"en_GB\" \/>\n<meta property=\"og:type\" content=\"article\" \/>\n<meta property=\"og:title\" content=\"Juomat - LoiMauMau\" \/>\n<meta property=\"og:url\" content=\"https:\/\/wp3.novida.fi\/med24pusa\/juomat\/\" \/>\n<meta property=\"og:site_name\" content=\"LoiMauMau\" \/>\n<meta property=\"article:modified_time\" content=\"2026-01-20T07:15:40+00:00\" \/>\n<meta property=\"og:image\" content=\"https:\/\/wp3.novida.fi\/med24pusa\/wp-content\/uploads\/sites\/39\/2025\/12\/water-8804311_1280-2-1024x576.jpg\" \/>\n<meta name=\"twitter:card\" content=\"summary_large_image\" \/>\n<meta name=\"twitter:label1\" content=\"Estimated reading time\" \/>\n\t<meta name=\"twitter:data1\" content=\"3 minutes\" \/>\n<script type=\"application\/ld+json\" class=\"yoast-schema-graph\">{\"@context\":\"https:\/\/schema.org\",\"@graph\":[{\"@type\":\"WebPage\",\"@id\":\"https:\/\/wp3.novida.fi\/med24pusa\/juomat\/\",\"url\":\"https:\/\/wp3.novida.fi\/med24pusa\/juomat\/\",\"name\":\"Juomat - LoiMauMau\",\"isPartOf\":{\"@id\":\"https:\/\/wp3.novida.fi\/med24pusa\/#website\"},\"primaryImageOfPage\":{\"@id\":\"https:\/\/wp3.novida.fi\/med24pusa\/juomat\/#primaryimage\"},\"image\":{\"@id\":\"https:\/\/wp3.novida.fi\/med24pusa\/juomat\/#primaryimage\"},\"thumbnailUrl\":\"https:\/\/wp3.novida.fi\/med24pusa\/wp-content\/uploads\/sites\/39\/2025\/12\/water-8804311_1280-2-1024x576.jpg\",\"datePublished\":\"2025-12-11T10:36:47+00:00\",\"dateModified\":\"2026-01-20T07:15:40+00:00\",\"breadcrumb\":{\"@id\":\"https:\/\/wp3.novida.fi\/med24pusa\/juomat\/#breadcrumb\"},\"inLanguage\":\"en-GB\",\"potentialAction\":[{\"@type\":\"ReadAction\",\"target\":[\"https:\/\/wp3.novida.fi\/med24pusa\/juomat\/\"]}]},{\"@type\":\"ImageObject\",\"inLanguage\":\"en-GB\",\"@id\":\"https:\/\/wp3.novida.fi\/med24pusa\/juomat\/#primaryimage\",\"url\":\"https:\/\/wp3.novida.fi\/med24pusa\/wp-content\/uploads\/sites\/39\/2025\/12\/water-8804311_1280-2.jpg\",\"contentUrl\":\"https:\/\/wp3.novida.fi\/med24pusa\/wp-content\/uploads\/sites\/39\/2025\/12\/water-8804311_1280-2.jpg\",\"width\":1280,\"height\":720},{\"@type\":\"BreadcrumbList\",\"@id\":\"https:\/\/wp3.novida.fi\/med24pusa\/juomat\/#breadcrumb\",\"itemListElement\":[{\"@type\":\"ListItem\",\"position\":1,\"name\":\"Home\",\"item\":\"https:\/\/wp3.novida.fi\/med24pusa\/\"},{\"@type\":\"ListItem\",\"position\":2,\"name\":\"Juomat\"}]},{\"@type\":\"WebSite\",\"@id\":\"https:\/\/wp3.novida.fi\/med24pusa\/#website\",\"url\":\"https:\/\/wp3.novida.fi\/med24pusa\/\",\"name\":\"LoiMauMau\",\"description\":\"kissakahvila\",\"publisher\":{\"@id\":\"https:\/\/wp3.novida.fi\/med24pusa\/#organization\"},\"potentialAction\":[{\"@type\":\"SearchAction\",\"target\":{\"@type\":\"EntryPoint\",\"urlTemplate\":\"https:\/\/wp3.novida.fi\/med24pusa\/?s={search_term_string}\"},\"query-input\":{\"@type\":\"PropertyValueSpecification\",\"valueRequired\":true,\"valueName\":\"search_term_string\"}}],\"inLanguage\":\"en-GB\"},{\"@type\":\"Organization\",\"@id\":\"https:\/\/wp3.novida.fi\/med24pusa\/#organization\",\"name\":\"LoiMauMau\",\"url\":\"https:\/\/wp3.novida.fi\/med24pusa\/\",\"logo\":{\"@type\":\"ImageObject\",\"inLanguage\":\"en-GB\",\"@id\":\"https:\/\/wp3.novida.fi\/med24pusa\/#\/schema\/logo\/image\/\",\"url\":\"https:\/\/wp3.novida.fi\/med24pusa\/wp-content\/uploads\/sites\/39\/2025\/12\/cropped-Asset-1.png\",\"contentUrl\":\"https:\/\/wp3.novida.fi\/med24pusa\/wp-content\/uploads\/sites\/39\/2025\/12\/cropped-Asset-1.png\",\"width\":902,\"height\":837,\"caption\":\"LoiMauMau\"},\"image\":{\"@id\":\"https:\/\/wp3.novida.fi\/med24pusa\/#\/schema\/logo\/image\/\"}}]}<\/script>\n<!-- \/ Yoast SEO plugin. -->","yoast_head_json":{"title":"Juomat - LoiMauMau","robots":{"index":"index","follow":"follow","max-snippet":"max-snippet:-1","max-image-preview":"max-image-preview:large","max-video-preview":"max-video-preview:-1"},"canonical":"https:\/\/wp3.novida.fi\/med24pusa\/juomat\/","og_locale":"en_GB","og_type":"article","og_title":"Juomat - LoiMauMau","og_url":"https:\/\/wp3.novida.fi\/med24pusa\/juomat\/","og_site_name":"LoiMauMau","article_modified_time":"2026-01-20T07:15:40+00:00","og_image":[{"url":"https:\/\/wp3.novida.fi\/med24pusa\/wp-content\/uploads\/sites\/39\/2025\/12\/water-8804311_1280-2-1024x576.jpg","type":"","width":"","height":""}],"twitter_card":"summary_large_image","twitter_misc":{"Estimated reading time":"3 minutes"},"schema":{"@context":"https:\/\/schema.org","@graph":[{"@type":"WebPage","@id":"https:\/\/wp3.novida.fi\/med24pusa\/juomat\/","url":"https:\/\/wp3.novida.fi\/med24pusa\/juomat\/","name":"Juomat - LoiMauMau","isPartOf":{"@id":"https:\/\/wp3.novida.fi\/med24pusa\/#website"},"primaryImageOfPage":{"@id":"https:\/\/wp3.novida.fi\/med24pusa\/juomat\/#primaryimage"},"image":{"@id":"https:\/\/wp3.novida.fi\/med24pusa\/juomat\/#primaryimage"},"thumbnailUrl":"https:\/\/wp3.novida.fi\/med24pusa\/wp-content\/uploads\/sites\/39\/2025\/12\/water-8804311_1280-2-1024x576.jpg","datePublished":"2025-12-11T10:36:47+00:00","dateModified":"2026-01-20T07:15:40+00:00","breadcrumb":{"@id":"https:\/\/wp3.novida.fi\/med24pusa\/juomat\/#breadcrumb"},"inLanguage":"en-GB","potentialAction":[{"@type":"ReadAction","target":["https:\/\/wp3.novida.fi\/med24pusa\/juomat\/"]}]},{"@type":"ImageObject","inLanguage":"en-GB","@id":"https:\/\/wp3.novida.fi\/med24pusa\/juomat\/#primaryimage","url":"https:\/\/wp3.novida.fi\/med24pusa\/wp-content\/uploads\/sites\/39\/2025\/12\/water-8804311_1280-2.jpg","contentUrl":"https:\/\/wp3.novida.fi\/med24pusa\/wp-content\/uploads\/sites\/39\/2025\/12\/water-8804311_1280-2.jpg","width":1280,"height":720},{"@type":"BreadcrumbList","@id":"https:\/\/wp3.novida.fi\/med24pusa\/juomat\/#breadcrumb","itemListElement":[{"@type":"ListItem","position":1,"name":"Home","item":"https:\/\/wp3.novida.fi\/med24pusa\/"},{"@type":"ListItem","position":2,"name":"Juomat"}]},{"@type":"WebSite","@id":"https:\/\/wp3.novida.fi\/med24pusa\/#website","url":"https:\/\/wp3.novida.fi\/med24pusa\/","name":"LoiMauMau","description":"kissakahvila","publisher":{"@id":"https:\/\/wp3.novida.fi\/med24pusa\/#organization"},"potentialAction":[{"@type":"SearchAction","target":{"@type":"EntryPoint","urlTemplate":"https:\/\/wp3.novida.fi\/med24pusa\/?s={search_term_string}"},"query-input":{"@type":"PropertyValueSpecification","valueRequired":true,"valueName":"search_term_string"}}],"inLanguage":"en-GB"},{"@type":"Organization","@id":"https:\/\/wp3.novida.fi\/med24pusa\/#organization","name":"LoiMauMau","url":"https:\/\/wp3.novida.fi\/med24pusa\/","logo":{"@type":"ImageObject","inLanguage":"en-GB","@id":"https:\/\/wp3.novida.fi\/med24pusa\/#\/schema\/logo\/image\/","url":"https:\/\/wp3.novida.fi\/med24pusa\/wp-content\/uploads\/sites\/39\/2025\/12\/cropped-Asset-1.png","contentUrl":"https:\/\/wp3.novida.fi\/med24pusa\/wp-content\/uploads\/sites\/39\/2025\/12\/cropped-Asset-1.png","width":902,"height":837,"caption":"LoiMauMau"},"image":{"@id":"https:\/\/wp3.novida.fi\/med24pusa\/#\/schema\/logo\/image\/"}}]}},"_links":{"self":[{"href":"https:\/\/wp3.novida.fi\/med24pusa\/wp-json\/wp\/v2\/pages\/260","targetHints":{"allow":["GET"]}}],"collection":[{"href":"https:\/\/wp3.novida.fi\/med24pusa\/wp-json\/wp\/v2\/pages"}],"about":[{"href":"https:\/\/wp3.novida.fi\/med24pusa\/wp-json\/wp\/v2\/types\/page"}],"author":[{"embeddable":true,"href":"https:\/\/wp3.novida.fi\/med24pusa\/wp-json\/wp\/v2\/users\/43"}],"replies":[{"embeddable":true,"href":"https:\/\/wp3.novida.fi\/med24pusa\/wp-json\/wp\/v2\/comments?post=260"}],"version-history":[{"count":151,"href":"https:\/\/wp3.novida.fi\/med24pusa\/wp-json\/wp\/v2\/pages\/260\/revisions"}],"predecessor-version":[{"id":680,"href":"https:\/\/wp3.novida.fi\/med24pusa\/wp-json\/wp\/v2\/pages\/260\/revisions\/680"}],"wp:attachment":[{"href":"https:\/\/wp3.novida.fi\/med24pusa\/wp-json\/wp\/v2\/media?parent=260"}],"curies":[{"name":"wp","href":"https:\/\/api.w.org\/{rel}","templated":true}]}}