{"id":10,"date":"2025-12-02T10:36:57","date_gmt":"2025-12-02T10:36:57","guid":{"rendered":"https:\/\/wp3.novida.fi\/med24pusa\/?page_id=10"},"modified":"2026-01-21T10:27:27","modified_gmt":"2026-01-21T10:27:27","slug":"menu","status":"publish","type":"page","link":"https:\/\/wp3.novida.fi\/med24pusa\/menu\/","title":{"rendered":"Menu"},"content":{"rendered":"\n<div id=\"wp-block-themeisle-blocks-advanced-columns-d738bad6\" class=\"wp-block-themeisle-blocks-advanced-columns alignfull has-1-columns has-desktop-equal-layout has-tablet-equal-layout has-mobile-collapsedRows-layout has-vertical-center ticss-c00aadba\"><div class=\"wp-block-themeisle-blocks-advanced-columns-overlay\"><\/div><div class=\"innerblocks-wrap\">\n<div id=\"wp-block-themeisle-blocks-advanced-column-bbd8db2b\" class=\"wp-block-themeisle-blocks-advanced-column\">\n<div id=\"wp-block-themeisle-blocks-advanced-columns-8a6512ea\" class=\"wp-block-themeisle-blocks-advanced-columns has-1-columns has-desktop-equal-layout has-tablet-equal-layout has-mobile-equal-layout has-vertical-center\"><div class=\"wp-block-themeisle-blocks-advanced-columns-overlay\"><\/div><div class=\"innerblocks-wrap\">\n<div id=\"wp-block-themeisle-blocks-advanced-column-e8b18065\" class=\"wp-block-themeisle-blocks-advanced-column\"><\/div>\n<\/div><\/div>\n\n\n\n<div id=\"wp-block-themeisle-blocks-advanced-columns-7f744968\" class=\"wp-block-themeisle-blocks-advanced-columns has-3-columns has-desktop-equal-layout has-tablet-equal-layout has-mobile-collapsedRows-layout has-vertical-top\"><div class=\"wp-block-themeisle-blocks-advanced-columns-overlay\"><\/div><div class=\"innerblocks-wrap\">\n<div id=\"wp-block-themeisle-blocks-advanced-column-1430d2f1\" class=\"wp-block-themeisle-blocks-advanced-column\">\n<div id=\"wp-block-themeisle-blocks-flip-123c6ebb\" class=\"wp-block-themeisle-blocks-flip anim flipX has-dark-back-bg\"><div class=\"o-flip-inner\"><div class=\"o-flip-front\"><div class=\"o-flip-content\"><h3><strong>Sy\u00f6t\u00e4v\u00e4t<\/strong><\/h3><p>6,58\u20ac<\/p><\/div><\/div><div class=\"o-flip-back\">\n<h3 class=\"wp-block-heading\"><em>Sy\u00f6t\u00e4v\u00e4t<\/em><\/h3>\n\n\n\n<p>T\u00e4\u00e4lt\u00e4 l\u00f6y\u00add\u00e4t lis\u00adtan sy\u00f6t\u00e4vist\u00e4mme <\/p>\n\n\n\n<p>\u261f<\/p>\n\n\n\n<div class=\"wp-block-buttons is-layout-flex wp-block-buttons-is-layout-flex\">\n<div class=\"wp-block-button has-custom-width wp-block-button__width-100 is-style-primary\"><a class=\"wp-block-button__link wp-element-button\" href=\"https:\/\/wp3.novida.fi\/med24pusa\/syotavat\/\">Lista<\/a><\/div>\n<\/div>\n<\/div><\/div><\/div>\n<\/div>\n\n\n\n<div id=\"wp-block-themeisle-blocks-advanced-column-4b138e01\" class=\"wp-block-themeisle-blocks-advanced-column\">\n<div id=\"wp-block-themeisle-blocks-flip-2c636530\" class=\"wp-block-themeisle-blocks-flip anim flipX has-dark-back-bg\"><div class=\"o-flip-inner\"><div class=\"o-flip-front\"><div class=\"o-flip-content\"><h3><strong>Juomat<\/strong><\/h3><p>3,89\u20ac<\/p><\/div><\/div><div class=\"o-flip-back\">\n<h3 class=\"wp-block-heading\"><em>Juomat<\/em><\/h3>\n\n\n\n<p>T\u00e4\u00e4lt\u00e4 l\u00f6y\u00add\u00e4t lis\u00adtan juomista<\/p>\n\n\n\n<p>\u261f<\/p>\n\n\n\n<div class=\"wp-block-buttons is-layout-flex wp-block-buttons-is-layout-flex\">\n<div class=\"wp-block-button has-custom-width wp-block-button__width-100 is-style-primary\"><a class=\"wp-block-button__link wp-element-button\" href=\"https:\/\/wp3.novida.fi\/med24pusa\/juomat\/\">Lista<\/a><\/div>\n<\/div>\n<\/div><\/div><\/div>\n<\/div>\n\n\n\n<div id=\"wp-block-themeisle-blocks-advanced-column-eefc33b9\" class=\"wp-block-themeisle-blocks-advanced-column\">\n<div id=\"wp-block-themeisle-blocks-flip-6323a328\" class=\"wp-block-themeisle-blocks-flip anim flipX has-dark-back-bg\"><div class=\"o-flip-inner\"><div class=\"o-flip-front\"><div class=\"o-flip-content\"><h3><strong>Makeat<\/strong><\/h3><p>4,73\u20ac<\/p><\/div><\/div><div class=\"o-flip-back\">\n<h3 class=\"wp-block-heading\"><em>Makeat<\/em><\/h3>\n\n\n\n<p>T\u00e4\u00e4lt\u00e4 l\u00f6y\u00add\u00e4t lis\u00adtan makei\u00adsista<\/p>\n\n\n\n<p>\u261f<\/p>\n\n\n\n<div class=\"wp-block-buttons is-layout-flex wp-block-buttons-is-layout-flex\">\n<div class=\"wp-block-button has-custom-width wp-block-button__width-100 is-style-primary\"><a class=\"wp-block-button__link wp-element-button\" href=\"https:\/\/wp3.novida.fi\/med24pusa\/makeat\/\">Lista<\/a><\/div>\n<\/div>\n<\/div><\/div><\/div>\n<\/div>\n<\/div><\/div>\n<\/div>\n<\/div><\/div>\n\n\n\n<div id=\"wp-block-themeisle-blocks-advanced-columns-1f75d2d6\" class=\"wp-block-themeisle-blocks-advanced-columns has-3-columns has-desktop-equal-layout has-tablet-equal-layout has-mobile-collapsedRows-layout has-vertical-unset\"><div class=\"wp-block-themeisle-blocks-advanced-columns-overlay\"><\/div><div class=\"innerblocks-wrap\">\n<div id=\"wp-block-themeisle-blocks-advanced-column-1154381e\" class=\"wp-block-themeisle-blocks-advanced-column\">\n<div id=\"wp-block-themeisle-blocks-flip-0713dc57\" class=\"wp-block-themeisle-blocks-flip anim flipX ticss-878f27c8\"><div class=\"o-flip-inner\"><div class=\"o-flip-front\"><div class=\"o-flip-content\"><h3><strong>Sy\u00f6t\u00e4v\u00e4t<\/strong><\/h3><p>6,58\u20ac<\/p><\/div><\/div><div class=\"o-flip-back\">\n<h3 class=\"wp-block-heading\" style=\"font-size:30px\">Sy\u00f6t\u00e4v\u00e4t<\/h3>\n\n\n\n<p>T\u00e4\u00e4lt\u00e4 l\u00f6y\u00add\u00e4t lis\u00adtan sy\u00f6t\u00e4vist\u00e4mme<\/p>\n\n\n\n<div class=\"wp-block-buttons is-content-justification-center is-layout-flex wp-container-core-buttons-is-layout-16018d1d wp-block-buttons-is-layout-flex\">\n<div class=\"wp-block-button is-style-fill\"><a class=\"wp-block-button__link has-white-background-color has-background wp-element-button\" href=\"https:\/\/wp3.novida.fi\/med24pusa\/syotavat\/\">Lista<\/a><\/div>\n<\/div>\n<\/div><\/div><\/div>\n<\/div>\n\n\n\n<div id=\"wp-block-themeisle-blocks-advanced-column-4b1b8fbe\" class=\"wp-block-themeisle-blocks-advanced-column\">\n<div id=\"wp-block-themeisle-blocks-flip-52e8a919\" class=\"wp-block-themeisle-blocks-flip anim flipX ticss-1bdb89b8\"><div class=\"o-flip-inner\"><div class=\"o-flip-front\"><div class=\"o-flip-content\"><h3><strong>Juomat<\/strong><\/h3><p>3,89\u20ac<\/p><\/div><\/div><div class=\"o-flip-back\">\n<h3 class=\"wp-block-heading\" style=\"font-size:30px\">Juomat<\/h3>\n\n\n\n<p>T\u00e4\u00e4lt\u00e4 l\u00f6y\u00add\u00e4t lis\u00adtan juomista<\/p>\n\n\n\n<div class=\"wp-block-buttons is-content-justification-center is-layout-flex wp-container-core-buttons-is-layout-16018d1d wp-block-buttons-is-layout-flex\">\n<div class=\"wp-block-button is-style-fill\"><a class=\"wp-block-button__link has-white-background-color has-background wp-element-button\" href=\"https:\/\/wp3.novida.fi\/med24pusa\/juomat\/\">Lista<\/a><\/div>\n<\/div>\n<\/div><\/div><\/div>\n<\/div>\n\n\n\n<div id=\"wp-block-themeisle-blocks-advanced-column-dc29f47b\" class=\"wp-block-themeisle-blocks-advanced-column ticss-7735b525\">\n<div id=\"wp-block-themeisle-blocks-flip-1b1692b1\" class=\"wp-block-themeisle-blocks-flip anim flipX\"><div class=\"o-flip-inner\"><div class=\"o-flip-front\"><div class=\"o-flip-content\"><h3><strong>Makeat<\/strong><\/h3><p>4,73\u20ac<\/p><\/div><\/div><div class=\"o-flip-back\">\n<h3 class=\"wp-block-heading\" style=\"font-size:30px\">Makeat<\/h3>\n\n\n\n<p>T\u00e4\u00e4lt\u00e4 l\u00f6y\u00add\u00e4t lis\u00adtan makei\u00adsista<\/p>\n\n\n\n<div class=\"wp-block-buttons is-content-justification-center is-layout-flex wp-container-core-buttons-is-layout-16018d1d wp-block-buttons-is-layout-flex\">\n<div class=\"wp-block-button is-style-fill\"><a class=\"wp-block-button__link has-white-background-color has-background wp-element-button\" href=\"https:\/\/wp3.novida.fi\/med24pusa\/makeat\/\">Lista<\/a><\/div>\n<\/div>\n<\/div><\/div><\/div>\n<\/div>\n<\/div><\/div>\n\n\n\n<div id=\"wp-block-themeisle-blocks-advanced-columns-bbf1bb0d\" class=\"wp-block-themeisle-blocks-advanced-columns alignfull has-1-columns has-desktop-equal-layout has-tablet-equal-layout has-mobile-collapsedRows-layout has-vertical-center ticss-c00aadba\"><div class=\"wp-block-themeisle-blocks-advanced-columns-overlay\"><\/div><div class=\"innerblocks-wrap\">\n<div id=\"wp-block-themeisle-blocks-advanced-column-226be290\" class=\"wp-block-themeisle-blocks-advanced-column\">\n<div id=\"wp-block-themeisle-blocks-advanced-columns-275f91a0\" class=\"wp-block-themeisle-blocks-advanced-columns has-1-columns has-desktop-equal-layout has-tablet-equal-layout has-mobile-equal-layout has-vertical-center\"><div class=\"wp-block-themeisle-blocks-advanced-columns-overlay\"><\/div><div class=\"innerblocks-wrap\">\n<div id=\"wp-block-themeisle-blocks-advanced-column-d591b12e\" class=\"wp-block-themeisle-blocks-advanced-column\"><\/div>\n<\/div><\/div>\n\n\n\n<div id=\"wp-block-themeisle-blocks-advanced-columns-32f52179\" class=\"wp-block-themeisle-blocks-advanced-columns has-3-columns has-desktop-equal-layout has-tablet-equal-layout has-mobile-collapsedRows-layout has-vertical-top\"><div class=\"wp-block-themeisle-blocks-advanced-columns-overlay\"><\/div><div class=\"innerblocks-wrap\">\n<div id=\"wp-block-themeisle-blocks-advanced-column-99c190eb\" class=\"wp-block-themeisle-blocks-advanced-column\">\n<div id=\"wp-block-themeisle-blocks-flip-1f19599c\" class=\"wp-block-themeisle-blocks-flip anim flipX has-dark-back-bg\"><div class=\"o-flip-inner\"><div class=\"o-flip-front\"><div class=\"o-flip-content\"><h3><strong>Sy\u00f6t\u00e4v\u00e4t<\/strong><\/h3><p>6,58\u20ac<\/p><\/div><\/div><div class=\"o-flip-back\">\n<h3 class=\"wp-block-heading\"><em>Sy\u00f6t\u00e4v\u00e4t<\/em><\/h3>\n\n\n\n<p>T\u00e4\u00e4lt\u00e4 l\u00f6y\u00add\u00e4t lis\u00adtan sy\u00f6t\u00e4vist\u00e4mme <\/p>\n\n\n\n<p>\u261f<\/p>\n\n\n\n<div class=\"wp-block-buttons is-layout-flex wp-block-buttons-is-layout-flex\">\n<div class=\"wp-block-button has-custom-width wp-block-button__width-100 is-style-primary\"><a class=\"wp-block-button__link wp-element-button\" href=\"https:\/\/wp3.novida.fi\/med24pusa\/syotavat\/\">Lista<\/a><\/div>\n<\/div>\n<\/div><\/div><\/div>\n<\/div>\n\n\n\n<div id=\"wp-block-themeisle-blocks-advanced-column-fcb46f80\" class=\"wp-block-themeisle-blocks-advanced-column\">\n<div id=\"wp-block-themeisle-blocks-flip-1dbc46d8\" class=\"wp-block-themeisle-blocks-flip anim flipX has-dark-back-bg\"><div class=\"o-flip-inner\"><div class=\"o-flip-front\"><div class=\"o-flip-content\"><h3><strong>Juomat<\/strong><\/h3><p>3,89\u20ac<\/p><\/div><\/div><div class=\"o-flip-back\">\n<h3 class=\"wp-block-heading\"><em>Juomat<\/em><\/h3>\n\n\n\n<p>T\u00e4\u00e4lt\u00e4 l\u00f6y\u00add\u00e4t lis\u00adtan juomista<\/p>\n\n\n\n<p>\u261f<\/p>\n\n\n\n<div class=\"wp-block-buttons is-layout-flex wp-block-buttons-is-layout-flex\">\n<div class=\"wp-block-button has-custom-width wp-block-button__width-100 is-style-primary\"><a class=\"wp-block-button__link wp-element-button\" href=\"https:\/\/wp3.novida.fi\/med24pusa\/juomat\/\">Lista<\/a><\/div>\n<\/div>\n<\/div><\/div><\/div>\n<\/div>\n\n\n\n<div id=\"wp-block-themeisle-blocks-advanced-column-6ff42c99\" class=\"wp-block-themeisle-blocks-advanced-column\">\n<div id=\"wp-block-themeisle-blocks-flip-024bdde2\" class=\"wp-block-themeisle-blocks-flip anim flipX has-dark-back-bg\"><div class=\"o-flip-inner\"><div class=\"o-flip-front\"><div class=\"o-flip-content\"><h3><strong>Makeat<\/strong><\/h3><p>4,73\u20ac<\/p><\/div><\/div><div class=\"o-flip-back\">\n<h3 class=\"wp-block-heading\"><em>Makeat<\/em><\/h3>\n\n\n\n<p>T\u00e4\u00e4lt\u00e4 l\u00f6y\u00add\u00e4t lis\u00adtan makei\u00adsista<\/p>\n\n\n\n<p>\u261f<\/p>\n\n\n\n<div class=\"wp-block-buttons is-layout-flex wp-block-buttons-is-layout-flex\">\n<div class=\"wp-block-button has-custom-width wp-block-button__width-100 is-style-primary\"><a class=\"wp-block-button__link wp-element-button\" href=\"https:\/\/wp3.novida.fi\/med24pusa\/makeat\/\">Lista<\/a><\/div>\n<\/div>\n<\/div><\/div><\/div>\n<\/div>\n<\/div><\/div>\n<\/div>\n<\/div><\/div>\n","protected":false},"excerpt":{"rendered":"","protected":false},"author":43,"featured_media":0,"parent":0,"menu_order":0,"comment_status":"closed","ping_status":"closed","template":"","meta":{"wp_typography_post_enhancements_disabled":false,"_themeisle_gutenberg_block_has_review":false,"footnotes":""},"class_list":["post-10","page","type-page","status-publish","hentry"],"yoast_head":"<!-- This site is optimized with the Yoast SEO plugin v26.5 - https:\/\/yoast.com\/wordpress\/plugins\/seo\/ -->\n<title>Menu - LoiMauMau<\/title>\n<meta name=\"robots\" content=\"index, follow, max-snippet:-1, max-image-preview:large, max-video-preview:-1\" \/>\n<link rel=\"canonical\" href=\"https:\/\/wp3.novida.fi\/med24pusa\/menu\/\" \/>\n<meta property=\"og:locale\" content=\"en_GB\" \/>\n<meta property=\"og:type\" content=\"article\" \/>\n<meta property=\"og:title\" content=\"Menu - LoiMauMau\" \/>\n<meta property=\"og:url\" content=\"https:\/\/wp3.novida.fi\/med24pusa\/menu\/\" \/>\n<meta property=\"og:site_name\" content=\"LoiMauMau\" \/>\n<meta property=\"article:modified_time\" content=\"2026-01-21T10:27:27+00:00\" \/>\n<meta name=\"twitter:card\" content=\"summary_large_image\" \/>\n<meta name=\"twitter:label1\" content=\"Estimated reading time\" \/>\n\t<meta name=\"twitter:data1\" content=\"1 minute\" \/>\n<script type=\"application\/ld+json\" class=\"yoast-schema-graph\">{\"@context\":\"https:\/\/schema.org\",\"@graph\":[{\"@type\":\"WebPage\",\"@id\":\"https:\/\/wp3.novida.fi\/med24pusa\/menu\/\",\"url\":\"https:\/\/wp3.novida.fi\/med24pusa\/menu\/\",\"name\":\"Menu - LoiMauMau\",\"isPartOf\":{\"@id\":\"https:\/\/wp3.novida.fi\/med24pusa\/#website\"},\"datePublished\":\"2025-12-02T10:36:57+00:00\",\"dateModified\":\"2026-01-21T10:27:27+00:00\",\"breadcrumb\":{\"@id\":\"https:\/\/wp3.novida.fi\/med24pusa\/menu\/#breadcrumb\"},\"inLanguage\":\"en-GB\",\"potentialAction\":[{\"@type\":\"ReadAction\",\"target\":[\"https:\/\/wp3.novida.fi\/med24pusa\/menu\/\"]}]},{\"@type\":\"BreadcrumbList\",\"@id\":\"https:\/\/wp3.novida.fi\/med24pusa\/menu\/#breadcrumb\",\"itemListElement\":[{\"@type\":\"ListItem\",\"position\":1,\"name\":\"Home\",\"item\":\"https:\/\/wp3.novida.fi\/med24pusa\/\"},{\"@type\":\"ListItem\",\"position\":2,\"name\":\"Menu\"}]},{\"@type\":\"WebSite\",\"@id\":\"https:\/\/wp3.novida.fi\/med24pusa\/#website\",\"url\":\"https:\/\/wp3.novida.fi\/med24pusa\/\",\"name\":\"LoiMauMau\",\"description\":\"kissakahvila\",\"publisher\":{\"@id\":\"https:\/\/wp3.novida.fi\/med24pusa\/#organization\"},\"potentialAction\":[{\"@type\":\"SearchAction\",\"target\":{\"@type\":\"EntryPoint\",\"urlTemplate\":\"https:\/\/wp3.novida.fi\/med24pusa\/?s={search_term_string}\"},\"query-input\":{\"@type\":\"PropertyValueSpecification\",\"valueRequired\":true,\"valueName\":\"search_term_string\"}}],\"inLanguage\":\"en-GB\"},{\"@type\":\"Organization\",\"@id\":\"https:\/\/wp3.novida.fi\/med24pusa\/#organization\",\"name\":\"LoiMauMau\",\"url\":\"https:\/\/wp3.novida.fi\/med24pusa\/\",\"logo\":{\"@type\":\"ImageObject\",\"inLanguage\":\"en-GB\",\"@id\":\"https:\/\/wp3.novida.fi\/med24pusa\/#\/schema\/logo\/image\/\",\"url\":\"https:\/\/wp3.novida.fi\/med24pusa\/wp-content\/uploads\/sites\/39\/2025\/12\/cropped-Asset-1.png\",\"contentUrl\":\"https:\/\/wp3.novida.fi\/med24pusa\/wp-content\/uploads\/sites\/39\/2025\/12\/cropped-Asset-1.png\",\"width\":902,\"height\":837,\"caption\":\"LoiMauMau\"},\"image\":{\"@id\":\"https:\/\/wp3.novida.fi\/med24pusa\/#\/schema\/logo\/image\/\"}}]}<\/script>\n<!-- \/ Yoast SEO plugin. -->","yoast_head_json":{"title":"Menu - LoiMauMau","robots":{"index":"index","follow":"follow","max-snippet":"max-snippet:-1","max-image-preview":"max-image-preview:large","max-video-preview":"max-video-preview:-1"},"canonical":"https:\/\/wp3.novida.fi\/med24pusa\/menu\/","og_locale":"en_GB","og_type":"article","og_title":"Menu - LoiMauMau","og_url":"https:\/\/wp3.novida.fi\/med24pusa\/menu\/","og_site_name":"LoiMauMau","article_modified_time":"2026-01-21T10:27:27+00:00","twitter_card":"summary_large_image","twitter_misc":{"Estimated reading time":"1 minute"},"schema":{"@context":"https:\/\/schema.org","@graph":[{"@type":"WebPage","@id":"https:\/\/wp3.novida.fi\/med24pusa\/menu\/","url":"https:\/\/wp3.novida.fi\/med24pusa\/menu\/","name":"Menu - LoiMauMau","isPartOf":{"@id":"https:\/\/wp3.novida.fi\/med24pusa\/#website"},"datePublished":"2025-12-02T10:36:57+00:00","dateModified":"2026-01-21T10:27:27+00:00","breadcrumb":{"@id":"https:\/\/wp3.novida.fi\/med24pusa\/menu\/#breadcrumb"},"inLanguage":"en-GB","potentialAction":[{"@type":"ReadAction","target":["https:\/\/wp3.novida.fi\/med24pusa\/menu\/"]}]},{"@type":"BreadcrumbList","@id":"https:\/\/wp3.novida.fi\/med24pusa\/menu\/#breadcrumb","itemListElement":[{"@type":"ListItem","position":1,"name":"Home","item":"https:\/\/wp3.novida.fi\/med24pusa\/"},{"@type":"ListItem","position":2,"name":"Menu"}]},{"@type":"WebSite","@id":"https:\/\/wp3.novida.fi\/med24pusa\/#website","url":"https:\/\/wp3.novida.fi\/med24pusa\/","name":"LoiMauMau","description":"kissakahvila","publisher":{"@id":"https:\/\/wp3.novida.fi\/med24pusa\/#organization"},"potentialAction":[{"@type":"SearchAction","target":{"@type":"EntryPoint","urlTemplate":"https:\/\/wp3.novida.fi\/med24pusa\/?s={search_term_string}"},"query-input":{"@type":"PropertyValueSpecification","valueRequired":true,"valueName":"search_term_string"}}],"inLanguage":"en-GB"},{"@type":"Organization","@id":"https:\/\/wp3.novida.fi\/med24pusa\/#organization","name":"LoiMauMau","url":"https:\/\/wp3.novida.fi\/med24pusa\/","logo":{"@type":"ImageObject","inLanguage":"en-GB","@id":"https:\/\/wp3.novida.fi\/med24pusa\/#\/schema\/logo\/image\/","url":"https:\/\/wp3.novida.fi\/med24pusa\/wp-content\/uploads\/sites\/39\/2025\/12\/cropped-Asset-1.png","contentUrl":"https:\/\/wp3.novida.fi\/med24pusa\/wp-content\/uploads\/sites\/39\/2025\/12\/cropped-Asset-1.png","width":902,"height":837,"caption":"LoiMauMau"},"image":{"@id":"https:\/\/wp3.novida.fi\/med24pusa\/#\/schema\/logo\/image\/"}}]}},"_links":{"self":[{"href":"https:\/\/wp3.novida.fi\/med24pusa\/wp-json\/wp\/v2\/pages\/10","targetHints":{"allow":["GET"]}}],"collection":[{"href":"https:\/\/wp3.novida.fi\/med24pusa\/wp-json\/wp\/v2\/pages"}],"about":[{"href":"https:\/\/wp3.novida.fi\/med24pusa\/wp-json\/wp\/v2\/types\/page"}],"author":[{"embeddable":true,"href":"https:\/\/wp3.novida.fi\/med24pusa\/wp-json\/wp\/v2\/users\/43"}],"replies":[{"embeddable":true,"href":"https:\/\/wp3.novida.fi\/med24pusa\/wp-json\/wp\/v2\/comments?post=10"}],"version-history":[{"count":114,"href":"https:\/\/wp3.novida.fi\/med24pusa\/wp-json\/wp\/v2\/pages\/10\/revisions"}],"predecessor-version":[{"id":770,"href":"https:\/\/wp3.novida.fi\/med24pusa\/wp-json\/wp\/v2\/pages\/10\/revisions\/770"}],"wp:attachment":[{"href":"https:\/\/wp3.novida.fi\/med24pusa\/wp-json\/wp\/v2\/media?parent=10"}],"curies":[{"name":"wp","href":"https:\/\/api.w.org\/{rel}","templated":true}]}}