{"id":9,"date":"2025-12-01T08:25:04","date_gmt":"2025-12-01T08:25:04","guid":{"rendered":"https:\/\/wp3.novida.fi\/med24esje\/?page_id=9"},"modified":"2026-01-20T10:14:40","modified_gmt":"2026-01-20T10:14:40","slug":"pakohuone-hinnasto","status":"publish","type":"page","link":"https:\/\/wp3.novida.fi\/med24esje\/pakohuone-hinnasto\/","title":{"rendered":"Hinnasto"},"content":{"rendered":"\n<div class=\"wp-block-cover\" style=\"border-top-left-radius:10px;border-top-right-radius:10px;border-bottom-left-radius:10px;border-bottom-right-radius:10px;min-height:250px;aspect-ratio:unset;\"><img loading=\"lazy\" decoding=\"async\" width=\"2560\" height=\"1439\" class=\"wp-block-cover__image-background wp-image-390\" alt src=\"https:\/\/wp3.novida.fi\/med24esje\/wp-content\/uploads\/sites\/31\/2026\/01\/maksu_kortti-edited-scaled.jpg\" style=\"object-position:44% 51%\" data-object-fit=\"cover\" data-object-position=\"44% 51%\" srcset=\"https:\/\/wp3.novida.fi\/med24esje\/wp-content\/uploads\/sites\/31\/2026\/01\/maksu_kortti-edited-scaled.jpg 2560w, https:\/\/wp3.novida.fi\/med24esje\/wp-content\/uploads\/sites\/31\/2026\/01\/maksu_kortti-edited-300x169.jpg 300w, https:\/\/wp3.novida.fi\/med24esje\/wp-content\/uploads\/sites\/31\/2026\/01\/maksu_kortti-edited-1024x576.jpg 1024w, https:\/\/wp3.novida.fi\/med24esje\/wp-content\/uploads\/sites\/31\/2026\/01\/maksu_kortti-edited-768x432.jpg 768w, https:\/\/wp3.novida.fi\/med24esje\/wp-content\/uploads\/sites\/31\/2026\/01\/maksu_kortti-edited-1536x863.jpg 1536w, https:\/\/wp3.novida.fi\/med24esje\/wp-content\/uploads\/sites\/31\/2026\/01\/maksu_kortti-edited-2048x1151.jpg 2048w\" sizes=\"auto, (max-width: 2560px) 100vw, 2560px\"><span aria-hidden=\"true\" class=\"wp-block-cover__background has-background-dim\"><\/span><div class=\"wp-block-cover__inner-container is-layout-flow wp-block-cover-is-layout-flow\">\n<p class=\"has-text-align-center has-large-font-size\"><\/p>\n<\/div><\/div>\n\n\n\n<div class=\"wp-block-group has-background is-vertical is-content-justification-center is-layout-flex wp-container-core-group-is-layout-4eb4b0f8 wp-block-group-is-layout-flex\" style=\"border-style:none;border-width:0px;border-top-left-radius:10px;border-top-right-radius:10px;border-bottom-left-radius:10px;border-bottom-right-radius:10px;background-color:#405656;min-height:0px\">\n<h2 class=\"wp-block-heading has-background-color has-text-color has-link-color has-ltc-goudy-thirty-font-family wp-elements-601ba0ac3580297c6e97cfd417b4e7e2\" style=\"font-size:67px;font-style:normal;font-weight:500;letter-spacing:0.5px\">Hinnasto<\/h2>\n\n\n\n<div style=\"height:10px\" aria-hidden=\"true\" class=\"wp-block-spacer wp-container-content-728072c3\"><\/div>\n\n\n\n<div class=\"wp-block-columns has-background is-layout-flex wp-container-core-columns-is-layout-98a5c207 wp-block-columns-is-layout-flex\" style=\"border-style:none;border-width:0px;border-top-left-radius:0px;border-top-right-radius:0px;border-bottom-left-radius:0px;border-bottom-right-radius:0px;background-color:#405656;margin-top:0;margin-bottom:0;padding-top:0;padding-right:0;padding-bottom:0;padding-left:0\">\n<div class=\"wp-block-column hinta has-border-color has-background-border-color is-layout-flow wp-container-core-column-is-layout-6e05798f wp-block-column-is-layout-flow\" style=\"border-width:5px;border-top-left-radius:5px;border-top-right-radius:5px;border-bottom-left-radius:5px;border-bottom-right-radius:5px;padding-top:0;padding-right:var(--wp--preset--spacing--small);padding-bottom:0;padding-left:var(--wp--preset--spacing--small);flex-basis:400px\">\n<p class=\"has-text-align-center has-background-color has-text-color has-link-color has-p-22-sting-font-family wp-elements-1494253b49b1fc9afec3095ab90dc39d\" style=\"font-size:60px;line-height:1.2\">2<\/p>\n\n\n\n<h1 class=\"wp-block-heading has-text-align-center has-background-color has-text-color has-link-color has-p-22-sting-font-family wp-elements-fe291462f8b7919649ccc4b9bda6261c\" style=\"font-size:25px;font-style:normal;font-weight:500;letter-spacing:0.5px\">PELAAJAA <\/h1>\n\n\n\n<p class=\"has-text-align-center has-accent-text-color has-text-color has-link-color has-p-22-sting-font-family wp-elements-0f0db894cf961ca05d7fe7dfc17fd347\" style=\"font-size:70px\">72 \u20ac<\/p>\n\n\n\n<p class=\"has-text-align-center has-background-color has-text-color has-link-color has-p-22-sting-font-family wp-elements-2a0bdf362fd7416bdddbd8d2dac672fe\" style=\"font-size:24px;letter-spacing:0.5px\">36 \u20ac \/ HL\u00d6<\/p>\n\n\n\n<div style=\"height:30px\" aria-hidden=\"true\" class=\"wp-block-spacer\"><\/div>\n\n\n\n<div id=\"wp-block-themeisle-blocks-button-group-c7bae5cf\" class=\"wp-block-themeisle-blocks-button-group wp-block-buttons align-center-desktop\">\n<div id=\"wp-block-themeisle-blocks-button-0c60bfa0\" class=\"wp-block-themeisle-blocks-button wp-block-button\"><a href=\"https:\/\/wp3.novida.fi\/med24esje\/ajanvaraus\/\" target=\"_self\" rel=\"noopener noreferrer\" class=\"wp-block-button__link\"><span>VALITSE<\/span><\/a><\/div>\n<\/div>\n\n\n\n<div style=\"height:20px\" aria-hidden=\"true\" class=\"wp-block-spacer\"><\/div>\n<\/div>\n\n\n\n<div class=\"wp-block-column hinta has-border-color has-background-border-color is-layout-flow wp-container-core-column-is-layout-2e67b154 wp-block-column-is-layout-flow\" style=\"border-width:5px;border-top-left-radius:5px;border-top-right-radius:5px;border-bottom-left-radius:5px;border-bottom-right-radius:5px;padding-right:var(--wp--preset--spacing--small);padding-left:var(--wp--preset--spacing--small);flex-basis:400px\">\n<p class=\"has-text-align-center has-background-color has-text-color has-link-color has-p-22-sting-font-family wp-elements-369ef94b71fd8fd8960ab93e8107b889\" style=\"font-size:60px;line-height:1.2\">3<\/p>\n\n\n\n<div class=\"wp-block-group has-global-padding is-layout-constrained wp-block-group-is-layout-constrained\">\n<h1 class=\"wp-block-heading has-text-align-center has-background-color has-text-color has-link-color has-p-22-sting-font-family wp-elements-5385fecd2799b7d7b1caf687662067ad\" style=\"font-size:25px;font-style:normal;font-weight:500;letter-spacing:0.5px\">PELAAJAA<\/h1>\n<\/div>\n\n\n\n<p class=\"has-text-align-center has-accent-text-color has-text-color has-link-color has-p-22-sting-font-family wp-elements-4e1bfd579f5efd7fbb2da8f3d018b9fe\" style=\"font-size:70px;letter-spacing:-1px\">56 \u20ac<\/p>\n\n\n\n<p class=\"has-text-align-center has-background-color has-text-color has-link-color has-p-22-sting-font-family wp-elements-b7ee57177bb178b506fb48eddcc8b402\" style=\"font-size:24px;letter-spacing:0.5px\">28 \u20ac \/ HL\u00d6<\/p>\n\n\n\n<div class=\"wp-block-columns is-layout-flex wp-container-core-columns-is-layout-28f84493 wp-block-columns-is-layout-flex\">\n<div class=\"wp-block-column is-layout-flow wp-block-column-is-layout-flow\">\n<div style=\"height:30px\" aria-hidden=\"true\" class=\"wp-block-spacer\"><\/div>\n<\/div>\n<\/div>\n\n\n\n<div id=\"wp-block-themeisle-blocks-button-group-5fb49e36\" class=\"wp-block-themeisle-blocks-button-group wp-block-buttons align-center-desktop\">\n<div id=\"wp-block-themeisle-blocks-button-a0b0d5a7\" class=\"wp-block-themeisle-blocks-button wp-block-button\"><a href=\"ajanvaraus\" target=\"_self\" rel=\"noopener noreferrer\" class=\"wp-block-button__link\"><span>VALITSE<\/span><\/a><\/div>\n<\/div>\n\n\n\n<div style=\"height:20px\" aria-hidden=\"true\" class=\"wp-block-spacer\"><\/div>\n<\/div>\n\n\n\n<div class=\"wp-block-column hinta has-border-color has-background-border-color is-layout-flow wp-container-core-column-is-layout-2e67b154 wp-block-column-is-layout-flow\" style=\"border-width:5px;border-top-left-radius:5px;border-top-right-radius:5px;border-bottom-left-radius:5px;border-bottom-right-radius:5px;padding-right:var(--wp--preset--spacing--small);padding-left:var(--wp--preset--spacing--small);flex-basis:400px\">\n<p class=\"has-text-align-center has-background-color has-text-color has-link-color has-ltc-goudy-thirty-font-family wp-elements-16646b3c1fc45ee6b314da513ef966a6\" style=\"font-size:60px;line-height:1.2\">4<\/p>\n\n\n\n<h1 class=\"wp-block-heading has-text-align-center has-background-color has-text-color has-link-color has-p-22-sting-font-family wp-elements-5058ae4b0c6d02691d46604bfea78a12\" style=\"font-size:25px;font-style:normal;font-weight:500;letter-spacing:0.5px\">PELAAJAA <\/h1>\n\n\n\n<p class=\"has-text-align-center has-accent-text-color has-text-color has-link-color has-p-22-sting-font-family wp-elements-97a825d281bfc5d556b3666a2bb94aed\" style=\"padding-right:0;padding-left:0;font-size:70px\">44 \u20ac<\/p>\n\n\n\n<p class=\"has-text-align-center has-background-color has-text-color has-link-color has-p-22-sting-font-family wp-elements-a9fe34287a2dcf0472f6d2fd0e8c98f5\" style=\"font-size:24px;letter-spacing:0.5px\">22 \u20ac \/ HL\u00d6<\/p>\n\n\n\n<div class=\"wp-block-columns is-layout-flex wp-container-core-columns-is-layout-28f84493 wp-block-columns-is-layout-flex\">\n<div class=\"wp-block-column is-layout-flow wp-block-column-is-layout-flow\">\n<div style=\"height:30px\" aria-hidden=\"true\" class=\"wp-block-spacer\"><\/div>\n<\/div>\n<\/div>\n\n\n\n<div id=\"wp-block-themeisle-blocks-button-group-b0f5bbab\" class=\"wp-block-themeisle-blocks-button-group wp-block-buttons align-center-desktop\">\n<div id=\"wp-block-themeisle-blocks-button-e4daf060\" class=\"wp-block-themeisle-blocks-button wp-block-button\"><a href=\"https:\/\/wp3.novida.fi\/med24esje\/ajanvaraus\/\" target=\"_self\" rel=\"noopener noreferrer\" class=\"wp-block-button__link\"><span>VALITSE<\/span><\/a><\/div>\n<\/div>\n\n\n\n<div style=\"height:20px\" aria-hidden=\"true\" class=\"wp-block-spacer\"><\/div>\n<\/div>\n\n\n\n<div class=\"wp-block-column hinta has-border-color has-background-border-color is-layout-flow wp-container-core-column-is-layout-d4c6c618 wp-block-column-is-layout-flow\" style=\"border-width:5px;border-top-left-radius:5px;border-top-right-radius:5px;border-bottom-left-radius:5px;border-bottom-right-radius:5px;padding-top:0;padding-right:var(--wp--preset--spacing--small);padding-bottom:0;padding-left:var(--wp--preset--spacing--small);flex-basis:400px\">\n<p class=\"has-text-align-center has-background-color has-text-color has-link-color has-ltc-goudy-thirty-font-family wp-elements-e35fa6f2d37d7033da04b2466d53d047\" style=\"font-size:60px;line-height:1.2\">5&gt;<\/p>\n\n\n\n<h1 class=\"wp-block-heading has-text-align-center has-background-color has-text-color has-link-color has-p-22-sting-font-family wp-elements-5385fecd2799b7d7b1caf687662067ad\" style=\"font-size:25px;font-style:normal;font-weight:500;letter-spacing:0.5px\">PELAAJAA<\/h1>\n\n\n\n<p class=\"has-text-align-center has-accent-text-color has-text-color has-link-color has-p-22-sting-font-family wp-elements-0f299862b12d5fa357f0258e7c2663bd\" style=\"font-size:70px\">36 \u20ac<\/p>\n\n\n\n<p class=\"has-text-align-center has-background-color has-text-color has-link-color has-p-22-sting-font-family wp-elements-03c91fb1222dfd3277bc23419768d858\" style=\"font-size:24px;letter-spacing:0.5px\">18 \u20ac \/ HL\u00d6<\/p>\n\n\n\n<div class=\"wp-block-columns is-layout-flex wp-container-core-columns-is-layout-28f84493 wp-block-columns-is-layout-flex\">\n<div class=\"wp-block-column is-layout-flow wp-block-column-is-layout-flow\">\n<div style=\"height:30px\" aria-hidden=\"true\" class=\"wp-block-spacer\"><\/div>\n<\/div>\n<\/div>\n\n\n\n<div id=\"wp-block-themeisle-blocks-button-group-f6eb45f6\" class=\"wp-block-themeisle-blocks-button-group wp-block-buttons align-center-desktop\">\n<div id=\"wp-block-themeisle-blocks-button-670fae21\" class=\"wp-block-themeisle-blocks-button wp-block-button\"><a href=\"https:\/\/wp3.novida.fi\/med24esje\/ajanvaraus\/\" target=\"_self\" rel=\"noopener noreferrer\" class=\"wp-block-button__link\"><span>VALITSE<\/span><\/a><\/div>\n<\/div>\n\n\n\n<div style=\"height:20px\" aria-hidden=\"true\" class=\"wp-block-spacer\"><\/div>\n<\/div>\n<\/div>\n\n\n\n<div style=\"height:10px\" aria-hidden=\"true\" class=\"wp-block-spacer wp-container-content-728072c3\"><\/div>\n\n\n\n<p class=\"has-text-align-center has-background-color has-text-color has-link-color has-ltc-goudy-thirty-font-family wp-elements-420e3f0c7d28d11a8ecd0f99d5fe34a1\" style=\"font-size:25px;font-style:normal;font-weight:500;letter-spacing:0.5px\">Pelin voi mak\u00adsaa k\u00e4teisel\u00adl\u00e4 tai kor\u00adtilla. Mak\u00adsu tapah\u00adtuu paikan p\u00e4\u00e4l\u00adl\u00e4.<\/p>\n<\/div>\n\n\n\n<div class=\"wp-block-columns is-layout-flex wp-container-core-columns-is-layout-28f84493 wp-block-columns-is-layout-flex\">\n<div class=\"wp-block-column is-layout-flow wp-block-column-is-layout-flow\">\n<div class=\"wp-block-group has-accent-text-color has-outline-background-color has-text-color has-background has-link-color has-piazzolla-variable-font-family wp-elements-c336ca6cb58d205f95873758078c3283 is-vertical is-content-justification-center is-layout-flex wp-container-core-group-is-layout-ce155fab wp-block-group-is-layout-flex\" style=\"border-top-left-radius:10px;border-top-right-radius:10px;border-bottom-left-radius:10px;border-bottom-right-radius:10px;font-size:21px;line-height:1.3\">\n<p class=\"has-text-align-center\" style=\"letter-spacing:0.5px\">Pelin voi perua veloituk\u00adset\u00adta 24 tun\u00adtia ennen peli\u00e4. <\/p>\n\n\n\n<hr class=\"wp-block-separator has-text-color has-accent-text-color has-alpha-channel-opacity has-accent-text-background-color has-background ticss-bd5c388d is-style-default\" style=\"margin-top:0;margin-bottom:0\">\n\n\n\n<p class=\"has-text-align-center\" style=\"letter-spacing:0.5px\">Peru\u00adu\u00adtuk\u00adsista alle 24 tun\u00adtia ennen peli\u00e4 veloite\u00adtaan 30\u20ac.<\/p>\n\n\n\n<hr class=\"wp-block-separator has-text-color has-accent-text-color has-alpha-channel-opacity has-accent-text-background-color has-background\">\n\n\n\n<p class=\"has-text-align-center\" style=\"letter-spacing:0.5px\">T\u00e4ysi hin\u00adta veloite\u00adtaan saa\u00adpumat\u00adta j\u00e4t\u00adt\u00e4mis\u00ades\u00adt\u00e4.<\/p>\n<\/div>\n<\/div>\n<\/div>\n\n\n\n<div style=\"height:5px\" aria-hidden=\"true\" class=\"wp-block-spacer\"><\/div>\n\n\n\n<div class=\"wp-block-cover\" style=\"border-top-left-radius:10px;border-top-right-radius:10px;border-bottom-left-radius:10px;border-bottom-right-radius:10px;min-height:250px;aspect-ratio:unset;\"><img loading=\"lazy\" decoding=\"async\" width=\"2560\" height=\"1439\" class=\"wp-block-cover__image-background wp-image-392\" alt src=\"https:\/\/wp3.novida.fi\/med24esje\/wp-content\/uploads\/sites\/31\/2026\/01\/maksu_kateinen-edited-scaled.jpg\" style=\"object-position:55% 60%\" data-object-fit=\"cover\" data-object-position=\"55% 60%\" srcset=\"https:\/\/wp3.novida.fi\/med24esje\/wp-content\/uploads\/sites\/31\/2026\/01\/maksu_kateinen-edited-scaled.jpg 2560w, https:\/\/wp3.novida.fi\/med24esje\/wp-content\/uploads\/sites\/31\/2026\/01\/maksu_kateinen-edited-300x169.jpg 300w, https:\/\/wp3.novida.fi\/med24esje\/wp-content\/uploads\/sites\/31\/2026\/01\/maksu_kateinen-edited-1024x576.jpg 1024w, https:\/\/wp3.novida.fi\/med24esje\/wp-content\/uploads\/sites\/31\/2026\/01\/maksu_kateinen-edited-768x432.jpg 768w, https:\/\/wp3.novida.fi\/med24esje\/wp-content\/uploads\/sites\/31\/2026\/01\/maksu_kateinen-edited-1536x863.jpg 1536w, https:\/\/wp3.novida.fi\/med24esje\/wp-content\/uploads\/sites\/31\/2026\/01\/maksu_kateinen-edited-2048x1151.jpg 2048w\" sizes=\"auto, (max-width: 2560px) 100vw, 2560px\"><span aria-hidden=\"true\" class=\"wp-block-cover__background has-background-dim\"><\/span><div class=\"wp-block-cover__inner-container is-layout-flow wp-block-cover-is-layout-flow\">\n<p class=\"has-text-align-center has-large-font-size\"><\/p>\n<\/div><\/div>\n","protected":false},"excerpt":{"rendered":"<p>Hin\u00adnas\u00adto 2 PELAAJAA 72 \u20ac 36 \u20ac \/ HL\u00d6 3 PELAAJAA 56 \u20ac 28 \u20ac \/ HL\u00d6 4 PELAAJAA 44 \u20ac 22 \u20ac \/ HL\u00d6 5&gt; PELAAJAA 36 \u20ac 18 \u20ac \/ HL\u00d6 Pelin voi mak\u00adsaa k\u00e4teisel\u00adl\u00e4 tai kor\u00adtilla. Mak\u00adsu tapah\u00adtuu paikan p\u00e4\u00e4l\u00adl\u00e4. Pelin voi perua veloituk\u00adset\u00adta 24 tun\u00adtia ennen peli\u00e4. Peru\u00adu\u00adtuk\u00adsista alle 24 tun\u00adtia [\u2026]<\/p>\n","protected":false},"author":35,"featured_media":0,"parent":0,"menu_order":0,"comment_status":"closed","ping_status":"closed","template":"","meta":{"wp_typography_post_enhancements_disabled":false,"_themeisle_gutenberg_block_has_review":false,"footnotes":""},"class_list":["post-9","page","type-page","status-publish","hentry"],"yoast_head":"<!-- This site is optimized with the Yoast SEO plugin v26.5 - https:\/\/yoast.com\/wordpress\/plugins\/seo\/ -->\n<title>Hinnasto - PAKO Loimaa<\/title>\n<meta name=\"description\" content=\"Pakohuone hinnasto. Mit\u00e4 enemm\u00e4n kavereita, sit\u00e4 edullisemmin p\u00e4\u00e4set pelaamaan. Maksaa voit kortilla tai k\u00e4teisell\u00e4. Maksu paikan p\u00e4\u00e4ll\u00e4.\" \/>\n<meta name=\"robots\" content=\"index, follow, max-snippet:-1, max-image-preview:large, max-video-preview:-1\" \/>\n<link rel=\"canonical\" href=\"https:\/\/wp3.novida.fi\/med24esje\/pakohuone-hinnasto\/\" \/>\n<meta property=\"og:locale\" content=\"en_GB\" \/>\n<meta property=\"og:type\" content=\"article\" \/>\n<meta property=\"og:title\" content=\"Hinnasto - PAKO Loimaa\" \/>\n<meta property=\"og:description\" content=\"Pakohuone hinnasto. Mit\u00e4 enemm\u00e4n kavereita, sit\u00e4 edullisemmin p\u00e4\u00e4set pelaamaan. Maksaa voit kortilla tai k\u00e4teisell\u00e4. Maksu paikan p\u00e4\u00e4ll\u00e4.\" \/>\n<meta property=\"og:url\" content=\"https:\/\/wp3.novida.fi\/med24esje\/pakohuone-hinnasto\/\" \/>\n<meta property=\"og:site_name\" content=\"PAKO Loimaa\" \/>\n<meta property=\"article:modified_time\" content=\"2026-01-20T10:14:40+00:00\" \/>\n<meta property=\"og:image\" content=\"https:\/\/wp3.novida.fi\/med24esje\/wp-content\/uploads\/sites\/31\/2026\/01\/maksu_kortti-edited-scaled.jpg\" \/>\n\t<meta property=\"og:image:width\" content=\"2560\" \/>\n\t<meta property=\"og:image:height\" content=\"1439\" \/>\n\t<meta property=\"og:image:type\" content=\"image\/jpeg\" \/>\n<meta name=\"twitter:card\" content=\"summary_large_image\" \/>\n<meta name=\"twitter:label1\" content=\"Estimated reading time\" \/>\n\t<meta name=\"twitter:data1\" content=\"1 minute\" \/>\n<script type=\"application\/ld+json\" class=\"yoast-schema-graph\">{\"@context\":\"https:\/\/schema.org\",\"@graph\":[{\"@type\":\"WebPage\",\"@id\":\"https:\/\/wp3.novida.fi\/med24esje\/pakohuone-hinnasto\/\",\"url\":\"https:\/\/wp3.novida.fi\/med24esje\/pakohuone-hinnasto\/\",\"name\":\"Hinnasto - PAKO Loimaa\",\"isPartOf\":{\"@id\":\"https:\/\/wp3.novida.fi\/med24esje\/#website\"},\"primaryImageOfPage\":{\"@id\":\"https:\/\/wp3.novida.fi\/med24esje\/pakohuone-hinnasto\/#primaryimage\"},\"image\":{\"@id\":\"https:\/\/wp3.novida.fi\/med24esje\/pakohuone-hinnasto\/#primaryimage\"},\"thumbnailUrl\":\"https:\/\/wp3.novida.fi\/med24esje\/wp-content\/uploads\/sites\/31\/2026\/01\/maksu_kortti-edited-scaled.jpg\",\"datePublished\":\"2025-12-01T08:25:04+00:00\",\"dateModified\":\"2026-01-20T10:14:40+00:00\",\"description\":\"Pakohuone hinnasto. Mit\u00e4 enemm\u00e4n kavereita, sit\u00e4 edullisemmin p\u00e4\u00e4set pelaamaan. Maksaa voit kortilla tai k\u00e4teisell\u00e4. Maksu paikan p\u00e4\u00e4ll\u00e4.\",\"breadcrumb\":{\"@id\":\"https:\/\/wp3.novida.fi\/med24esje\/pakohuone-hinnasto\/#breadcrumb\"},\"inLanguage\":\"en-GB\",\"potentialAction\":[{\"@type\":\"ReadAction\",\"target\":[\"https:\/\/wp3.novida.fi\/med24esje\/pakohuone-hinnasto\/\"]}]},{\"@type\":\"ImageObject\",\"inLanguage\":\"en-GB\",\"@id\":\"https:\/\/wp3.novida.fi\/med24esje\/pakohuone-hinnasto\/#primaryimage\",\"url\":\"https:\/\/wp3.novida.fi\/med24esje\/wp-content\/uploads\/sites\/31\/2026\/01\/maksu_kortti-edited-scaled.jpg\",\"contentUrl\":\"https:\/\/wp3.novida.fi\/med24esje\/wp-content\/uploads\/sites\/31\/2026\/01\/maksu_kortti-edited-scaled.jpg\",\"width\":2560,\"height\":1439},{\"@type\":\"BreadcrumbList\",\"@id\":\"https:\/\/wp3.novida.fi\/med24esje\/pakohuone-hinnasto\/#breadcrumb\",\"itemListElement\":[{\"@type\":\"ListItem\",\"position\":1,\"name\":\"Home\",\"item\":\"https:\/\/wp3.novida.fi\/med24esje\/\"},{\"@type\":\"ListItem\",\"position\":2,\"name\":\"Hinnasto\"}]},{\"@type\":\"WebSite\",\"@id\":\"https:\/\/wp3.novida.fi\/med24esje\/#website\",\"url\":\"https:\/\/wp3.novida.fi\/med24esje\/\",\"name\":\"PAKO Loimaa\",\"description\":\"\",\"publisher\":{\"@id\":\"https:\/\/wp3.novida.fi\/med24esje\/#organization\"},\"potentialAction\":[{\"@type\":\"SearchAction\",\"target\":{\"@type\":\"EntryPoint\",\"urlTemplate\":\"https:\/\/wp3.novida.fi\/med24esje\/?s={search_term_string}\"},\"query-input\":{\"@type\":\"PropertyValueSpecification\",\"valueRequired\":true,\"valueName\":\"search_term_string\"}}],\"inLanguage\":\"en-GB\"},{\"@type\":\"Organization\",\"@id\":\"https:\/\/wp3.novida.fi\/med24esje\/#organization\",\"name\":\"PAKO Loimaa\",\"url\":\"https:\/\/wp3.novida.fi\/med24esje\/\",\"logo\":{\"@type\":\"ImageObject\",\"inLanguage\":\"en-GB\",\"@id\":\"https:\/\/wp3.novida.fi\/med24esje\/#\/schema\/logo\/image\/\",\"url\":\"https:\/\/wp3.novida.fi\/med24esje\/wp-content\/uploads\/sites\/31\/2025\/12\/Artboard-2.png\",\"contentUrl\":\"https:\/\/wp3.novida.fi\/med24esje\/wp-content\/uploads\/sites\/31\/2025\/12\/Artboard-2.png\",\"width\":1920,\"height\":1080,\"caption\":\"PAKO Loimaa\"},\"image\":{\"@id\":\"https:\/\/wp3.novida.fi\/med24esje\/#\/schema\/logo\/image\/\"}}]}<\/script>\n<!-- \/ Yoast SEO plugin. -->","yoast_head_json":{"title":"Hinnasto - PAKO Loimaa","description":"Pakohuone hinnasto. Mit\u00e4 enemm\u00e4n kavereita, sit\u00e4 edullisemmin p\u00e4\u00e4set pelaamaan. Maksaa voit kortilla tai k\u00e4teisell\u00e4. Maksu paikan p\u00e4\u00e4ll\u00e4.","robots":{"index":"index","follow":"follow","max-snippet":"max-snippet:-1","max-image-preview":"max-image-preview:large","max-video-preview":"max-video-preview:-1"},"canonical":"https:\/\/wp3.novida.fi\/med24esje\/pakohuone-hinnasto\/","og_locale":"en_GB","og_type":"article","og_title":"Hinnasto - PAKO Loimaa","og_description":"Pakohuone hinnasto. Mit\u00e4 enemm\u00e4n kavereita, sit\u00e4 edullisemmin p\u00e4\u00e4set pelaamaan. Maksaa voit kortilla tai k\u00e4teisell\u00e4. Maksu paikan p\u00e4\u00e4ll\u00e4.","og_url":"https:\/\/wp3.novida.fi\/med24esje\/pakohuone-hinnasto\/","og_site_name":"PAKO Loimaa","article_modified_time":"2026-01-20T10:14:40+00:00","og_image":[{"width":2560,"height":1439,"url":"https:\/\/wp3.novida.fi\/med24esje\/wp-content\/uploads\/sites\/31\/2026\/01\/maksu_kortti-edited-scaled.jpg","type":"image\/jpeg"}],"twitter_card":"summary_large_image","twitter_misc":{"Estimated reading time":"1 minute"},"schema":{"@context":"https:\/\/schema.org","@graph":[{"@type":"WebPage","@id":"https:\/\/wp3.novida.fi\/med24esje\/pakohuone-hinnasto\/","url":"https:\/\/wp3.novida.fi\/med24esje\/pakohuone-hinnasto\/","name":"Hinnasto - PAKO Loimaa","isPartOf":{"@id":"https:\/\/wp3.novida.fi\/med24esje\/#website"},"primaryImageOfPage":{"@id":"https:\/\/wp3.novida.fi\/med24esje\/pakohuone-hinnasto\/#primaryimage"},"image":{"@id":"https:\/\/wp3.novida.fi\/med24esje\/pakohuone-hinnasto\/#primaryimage"},"thumbnailUrl":"https:\/\/wp3.novida.fi\/med24esje\/wp-content\/uploads\/sites\/31\/2026\/01\/maksu_kortti-edited-scaled.jpg","datePublished":"2025-12-01T08:25:04+00:00","dateModified":"2026-01-20T10:14:40+00:00","description":"Pakohuone hinnasto. Mit\u00e4 enemm\u00e4n kavereita, sit\u00e4 edullisemmin p\u00e4\u00e4set pelaamaan. Maksaa voit kortilla tai k\u00e4teisell\u00e4. Maksu paikan p\u00e4\u00e4ll\u00e4.","breadcrumb":{"@id":"https:\/\/wp3.novida.fi\/med24esje\/pakohuone-hinnasto\/#breadcrumb"},"inLanguage":"en-GB","potentialAction":[{"@type":"ReadAction","target":["https:\/\/wp3.novida.fi\/med24esje\/pakohuone-hinnasto\/"]}]},{"@type":"ImageObject","inLanguage":"en-GB","@id":"https:\/\/wp3.novida.fi\/med24esje\/pakohuone-hinnasto\/#primaryimage","url":"https:\/\/wp3.novida.fi\/med24esje\/wp-content\/uploads\/sites\/31\/2026\/01\/maksu_kortti-edited-scaled.jpg","contentUrl":"https:\/\/wp3.novida.fi\/med24esje\/wp-content\/uploads\/sites\/31\/2026\/01\/maksu_kortti-edited-scaled.jpg","width":2560,"height":1439},{"@type":"BreadcrumbList","@id":"https:\/\/wp3.novida.fi\/med24esje\/pakohuone-hinnasto\/#breadcrumb","itemListElement":[{"@type":"ListItem","position":1,"name":"Home","item":"https:\/\/wp3.novida.fi\/med24esje\/"},{"@type":"ListItem","position":2,"name":"Hinnasto"}]},{"@type":"WebSite","@id":"https:\/\/wp3.novida.fi\/med24esje\/#website","url":"https:\/\/wp3.novida.fi\/med24esje\/","name":"PAKO Loimaa","description":"","publisher":{"@id":"https:\/\/wp3.novida.fi\/med24esje\/#organization"},"potentialAction":[{"@type":"SearchAction","target":{"@type":"EntryPoint","urlTemplate":"https:\/\/wp3.novida.fi\/med24esje\/?s={search_term_string}"},"query-input":{"@type":"PropertyValueSpecification","valueRequired":true,"valueName":"search_term_string"}}],"inLanguage":"en-GB"},{"@type":"Organization","@id":"https:\/\/wp3.novida.fi\/med24esje\/#organization","name":"PAKO Loimaa","url":"https:\/\/wp3.novida.fi\/med24esje\/","logo":{"@type":"ImageObject","inLanguage":"en-GB","@id":"https:\/\/wp3.novida.fi\/med24esje\/#\/schema\/logo\/image\/","url":"https:\/\/wp3.novida.fi\/med24esje\/wp-content\/uploads\/sites\/31\/2025\/12\/Artboard-2.png","contentUrl":"https:\/\/wp3.novida.fi\/med24esje\/wp-content\/uploads\/sites\/31\/2025\/12\/Artboard-2.png","width":1920,"height":1080,"caption":"PAKO Loimaa"},"image":{"@id":"https:\/\/wp3.novida.fi\/med24esje\/#\/schema\/logo\/image\/"}}]}},"_links":{"self":[{"href":"https:\/\/wp3.novida.fi\/med24esje\/wp-json\/wp\/v2\/pages\/9","targetHints":{"allow":["GET"]}}],"collection":[{"href":"https:\/\/wp3.novida.fi\/med24esje\/wp-json\/wp\/v2\/pages"}],"about":[{"href":"https:\/\/wp3.novida.fi\/med24esje\/wp-json\/wp\/v2\/types\/page"}],"author":[{"embeddable":true,"href":"https:\/\/wp3.novida.fi\/med24esje\/wp-json\/wp\/v2\/users\/35"}],"replies":[{"embeddable":true,"href":"https:\/\/wp3.novida.fi\/med24esje\/wp-json\/wp\/v2\/comments?post=9"}],"version-history":[{"count":61,"href":"https:\/\/wp3.novida.fi\/med24esje\/wp-json\/wp\/v2\/pages\/9\/revisions"}],"predecessor-version":[{"id":542,"href":"https:\/\/wp3.novida.fi\/med24esje\/wp-json\/wp\/v2\/pages\/9\/revisions\/542"}],"wp:attachment":[{"href":"https:\/\/wp3.novida.fi\/med24esje\/wp-json\/wp\/v2\/media?parent=9"}],"curies":[{"name":"wp","href":"https:\/\/api.w.org\/{rel}","templated":true}]}}