{"version":"1.0","provider_name":"Brainleak online","provider_url":"https:\/\/wp3.novida.fi\/brainleak","author_name":"med22jy","author_url":"https:\/\/wp3.novida.fi\/brainleak\/author\/med22jy\/","title":"Kun \"tuntematon pakottava luonnonvoima\" ottaa vallan ihmiskehosta - Brainleak online","type":"rich","width":600,"height":338,"html":"<blockquote class=\"wp-embedded-content\" data-secret=\"erocovh6Hc\"><a href=\"https:\/\/wp3.novida.fi\/brainleak\/2025\/04\/14\/685\/\">Kun \u201ctuntematon pakottava luonnonvoima\u201d ottaa vallan ihmiskehosta<\/a><\/blockquote><iframe sandbox=\"allow-scripts\" security=\"restricted\" src=\"https:\/\/wp3.novida.fi\/brainleak\/2025\/04\/14\/685\/embed\/#?secret=erocovh6Hc\" width=\"600\" height=\"338\" title=\"&#8220;Kun \u201ctuntematon pakottava luonnonvoima\u201d ottaa vallan ihmiskehosta&#8221; &#8212; Brainleak online\" data-secret=\"erocovh6Hc\" frameborder=\"0\" marginwidth=\"0\" marginheight=\"0\" scrolling=\"no\" class=\"wp-embedded-content\"><\/iframe><script>\n\/*! This file is auto-generated *\/\n!function(d,l){\"use strict\";l.querySelector&&d.addEventListener&&\"undefined\"!=typeof URL&&(d.wp=d.wp||{},d.wp.receiveEmbedMessage||(d.wp.receiveEmbedMessage=function(e){var t=e.data;if((t||t.secret||t.message||t.value)&&!\/[^a-zA-Z0-9]\/.test(t.secret)){for(var s,r,n,a=l.querySelectorAll('iframe[data-secret=\"'+t.secret+'\"]'),o=l.querySelectorAll('blockquote[data-secret=\"'+t.secret+'\"]'),c=new RegExp(\"^https?:$\",\"i\"),i=0;i<o.length;i++)o[i].style.display=\"none\";for(i=0;i<a.length;i++)s=a[i],e.source===s.contentWindow&&(s.removeAttribute(\"style\"),\"height\"===t.message?(1e3<(r=parseInt(t.value,10))?r=1e3:~~r<200&&(r=200),s.height=r):\"link\"===t.message&&(r=new URL(s.getAttribute(\"src\")),n=new URL(t.value),c.test(n.protocol))&&n.host===r.host&&l.activeElement===s&&(d.top.location.href=t.value))}},d.addEventListener(\"message\",d.wp.receiveEmbedMessage,!1),l.addEventListener(\"DOMContentLoaded\",function(){for(var e,t,s=l.querySelectorAll(\"iframe.wp-embedded-content\"),r=0;r<s.length;r++)(t=(e=s[r]).getAttribute(\"data-secret\"))||(t=Math.random().toString(36).substring(2,12),e.src+=\"#?secret=\"+t,e.setAttribute(\"data-secret\",t)),e.contentWindow.postMessage({message:\"ready\",secret:t},\"*\")},!1)))}(window,document);\n\/\/# sourceURL=https:\/\/wp3.novida.fi\/brainleak\/wp-includes\/js\/wp-embed.min.js\n<\/script>\n","thumbnail_url":"https:\/\/wp3.novida.fi\/brainleak\/wp-content\/uploads\/sites\/22\/2025\/04\/6_18-1.jpg","thumbnail_width":1200,"thumbnail_height":796,"description":"VAROITUS T\u00e4m\u00e4 postaus k\u00e4sit\u00adtelee Neu\u00advos\u00adtoli\u00aditossa Dyat\u00adlovin solas\u00adsa tapah\u00adtunut\u00adta onnet\u00adto\u00admuut\u00adta ja sis\u00e4lt\u00e4\u00e4 kuvia, jot\u00adka voivat j\u00e4rkyt\u00adt\u00e4\u00e4 osaa luk\u00adi\u00adjoista. Jos koet aiheen h\u00e4ir\u00adit\u00adsev\u00e4k\u00adsi, voit ohit\u00adtaa postauk\u00adsen. Ikuiselta tuntuva mysteeri. Mik\u00e4 sai kokeneet vaeltajat leikkaamaan telttansa ja juoksemaan henkens\u00e4 edest\u00e4 ilman s\u00e4\u00e4nmukaista varustusta hyiseen \u201130 asteen pakkaseen. T\u00e4m\u00e4 Ural vuorilla tapahtunut kohtalokas vaellus sai alkunsa 27.1.1959. Yhdek\u00ads\u00e4n toisen [&hellip;]"}

VAROITUS Tämä postaus käsit­telee Neu­vos­toli­itossa Dyat­lovin solas­sa tapah­tunut­ta onnet­to­muut­ta ja sisältää kuvia, jot­ka voivat järkyt­tää osaa luk­i­joista. Jos koet aiheen häir­it­seväk­si, voit ohit­taa postauk­sen. Ikuiselta tuntuva mysteeri. Mikä sai kokeneet vaeltajat leikkaamaan telttansa ja juoksemaan henkensä edestä ilman säänmukaista varustusta hyiseen ‑30 asteen pakkaseen. Tämä Ural vuorilla tapahtunut kohtalokas vaellus sai alkunsa 27.1.1959. Yhdek­sän toisen [&hellip;]
